CRAN Package Check Results for Package priorityelasticnet

Last updated on 2025-04-29 04:50:14 CEST.

Flavor Version Tinstall Tcheck Ttotal Status Flags
r-devel-linux-x86_64-debian-clang 0.2.0 14.51 206.78 221.29 OK
r-devel-linux-x86_64-debian-gcc 0.2.0 10.32 129.13 139.45 OK
r-devel-linux-x86_64-fedora-clang 0.2.0 370.41 OK
r-devel-linux-x86_64-fedora-gcc 0.2.0 342.91 OK
r-devel-windows-x86_64 0.2.0 17.00 173.00 190.00 OK
r-patched-linux-x86_64 0.2.0 15.26 180.67 195.93 OK
r-release-linux-x86_64 0.2.0 14.48 181.44 195.92 OK
r-release-macos-arm64 0.2.0 5.00 ERROR
r-release-macos-x86_64 0.2.0 8.00 ERROR
r-release-windows-x86_64 0.2.0 17.00 180.00 197.00 OK
r-oldrel-macos-arm64 0.2.0 11.00 ERROR
r-oldrel-macos-x86_64 0.2.0 12.00 ERROR
r-oldrel-windows-x86_64 0.2.0 24.00 228.00 252.00 OK

Check Details

Version: 0.2.0
Check: package dependencies
Result: ERROR Package required but not available: ‘glmSparseNet’ See section ‘The DESCRIPTION file’ in the ‘Writing R Extensions’ manual. Flavors: r-release-macos-arm64, r-release-macos-x86_64, r-oldrel-macos-arm64, r-oldrel-macos-x86_64