Last updated on 2025-04-30 04:50:15 CEST.
Flavor | Version | Tinstall | Tcheck | Ttotal | Status | Flags |
---|---|---|---|---|---|---|
r-devel-linux-x86_64-debian-clang | 0.3.1 | 9.06 | 141.43 | 150.49 | NOTE | |
r-devel-linux-x86_64-debian-gcc | 0.3.1 | 6.30 | 94.48 | 100.78 | NOTE | |
r-devel-linux-x86_64-fedora-clang | 0.3.1 | 253.29 | OK | |||
r-devel-linux-x86_64-fedora-gcc | 0.3.1 | 239.80 | OK | |||
r-devel-windows-x86_64 | 0.3.1 | 9.00 | 142.00 | 151.00 | OK | |
r-patched-linux-x86_64 | 0.3.1 | 9.34 | 135.44 | 144.78 | OK | |
r-release-linux-x86_64 | 0.3.1 | 8.52 | 136.38 | 144.90 | OK | |
r-release-macos-arm64 | 0.3.1 | 86.00 | OK | |||
r-release-macos-x86_64 | 0.3.1 | 182.00 | OK | |||
r-release-windows-x86_64 | 0.3.1 | 10.00 | 138.00 | 148.00 | OK | |
r-oldrel-macos-arm64 | 0.3.1 | 68.00 | OK | |||
r-oldrel-macos-x86_64 | 0.3.1 | 131.00 | OK | |||
r-oldrel-windows-x86_64 | 0.3.1 | 12.00 | 176.00 | 188.00 | OK |
Version: 0.3.1
Check: CRAN incoming feasibility
Result: NOTE
Maintainer: ‘Roman Hornung <hornung@ibe.med.uni-muenchen.de>’
No Authors@R field in DESCRIPTION.
Please add one, modifying
Authors@R: c(person(given = "Simon",
family = "Klau",
role = "aut"),
person(given = "Roman",
family = "Hornung",
role = c("aut", "cre"),
email = "hornung@ibe.med.uni-muenchen.de"),
person(given = "Alina",
family = "Bauer",
role = "aut"),
person(given = "Jonas",
family = "Hagenberg",
role = "aut"))
as necessary.
Flavors: r-devel-linux-x86_64-debian-clang, r-devel-linux-x86_64-debian-gcc