Last updated on 2025-04-30 04:50:15 CEST.
Flavor | Version | Tinstall | Tcheck | Ttotal | Status | Flags |
---|---|---|---|---|---|---|
r-devel-linux-x86_64-debian-clang | 1.1.0 | 6.80 | 446.30 | 453.10 | NOTE | |
r-devel-linux-x86_64-debian-gcc | 1.1.0 | 5.31 | 406.14 | 411.45 | OK | |
r-devel-linux-x86_64-fedora-clang | 1.1.0 | 664.46 | OK | |||
r-devel-linux-x86_64-fedora-gcc | 1.1.0 | 901.45 | OK | |||
r-devel-windows-x86_64 | 1.1.0 | 9.00 | 856.00 | 865.00 | OK | |
r-patched-linux-x86_64 | 1.1.0 | 7.20 | 529.05 | 536.25 | OK | |
r-release-linux-x86_64 | 1.1.0 | 7.45 | 516.16 | 523.61 | OK | |
r-release-macos-arm64 | 1.1.0 | 167.00 | OK | |||
r-release-macos-x86_64 | 1.1.0 | 745.00 | OK | |||
r-release-windows-x86_64 | 1.1.0 | 10.00 | 890.00 | 900.00 | OK | |
r-oldrel-macos-arm64 | 1.1.0 | 162.00 | NOTE | |||
r-oldrel-macos-x86_64 | 1.1.0 | 375.00 | NOTE | |||
r-oldrel-windows-x86_64 | 1.1.0 | 11.00 | 505.00 | 516.00 | NOTE |
Version: 1.1.0
Check: examples
Result: NOTE
Examples with CPU (user + system) or elapsed time > 5s
user system elapsed
powerscale_plots 5.36 0.168 6.825
Flavor: r-devel-linux-x86_64-debian-clang
Version: 1.1.0
Check: package dependencies
Result: NOTE
Packages suggested but not available for checking: 'cmdstanr', 'iwmm'
Flavors: r-oldrel-macos-arm64, r-oldrel-macos-x86_64, r-oldrel-windows-x86_64