Last updated on 2025-04-30 04:50:15 CEST.
Flavor | Version | Tinstall | Tcheck | Ttotal | Status | Flags |
---|---|---|---|---|---|---|
r-devel-linux-x86_64-debian-clang | 1.0.3 | 17.28 | 309.19 | 326.47 | NOTE | |
r-devel-linux-x86_64-debian-gcc | 1.0.3 | 12.09 | 220.51 | 232.60 | OK | |
r-devel-linux-x86_64-fedora-clang | 1.0.3 | 551.55 | OK | |||
r-devel-linux-x86_64-fedora-gcc | 1.0.3 | 492.24 | OK | |||
r-devel-windows-x86_64 | 1.0.3 | 18.00 | 287.00 | 305.00 | OK | |
r-patched-linux-x86_64 | 1.0.3 | 17.77 | 295.14 | 312.91 | OK | |
r-release-linux-x86_64 | 1.0.3 | 14.03 | 297.31 | 311.34 | OK | |
r-release-macos-arm64 | 1.0.3 | 158.00 | OK | |||
r-release-macos-x86_64 | 1.0.3 | 358.00 | OK | |||
r-release-windows-x86_64 | 1.0.3 | 19.00 | 302.00 | 321.00 | OK | |
r-oldrel-macos-arm64 | 1.0.3 | 149.00 | OK | |||
r-oldrel-macos-x86_64 | 1.0.3 | 217.00 | OK | |||
r-oldrel-windows-x86_64 | 1.0.3 | 23.00 | 393.00 | 416.00 | OK |
Version: 1.0.3
Check: examples
Result: NOTE
Examples with CPU (user + system) or elapsed time > 5s
user system elapsed
cal_validate_multinomial 4.776 0.02 5.505
Flavor: r-devel-linux-x86_64-debian-clang