Last updated on 2025-04-30 04:50:15 CEST.
Flavor | Version | Tinstall | Tcheck | Ttotal | Status | Flags |
---|---|---|---|---|---|---|
r-devel-linux-x86_64-debian-clang | 1.1 | 89.13 | 62.11 | 151.24 | NOTE | |
r-devel-linux-x86_64-debian-gcc | 1.1 | 58.33 | 46.46 | 104.79 | NOTE | |
r-devel-linux-x86_64-fedora-clang | 1.1 | 277.40 | OK | |||
r-devel-linux-x86_64-fedora-gcc | 1.1 | 253.02 | OK | |||
r-devel-windows-x86_64 | 1.1 | 96.00 | 98.00 | 194.00 | OK | |
r-patched-linux-x86_64 | 1.1 | 84.69 | 59.86 | 144.55 | OK | |
r-release-linux-x86_64 | 1.1 | 81.08 | 59.96 | 141.04 | OK | |
r-release-macos-arm64 | 1.1 | 70.00 | OK | |||
r-release-macos-x86_64 | 1.1 | 97.00 | OK | |||
r-release-windows-x86_64 | 1.1 | 96.00 | 96.00 | 192.00 | OK | |
r-oldrel-macos-arm64 | 1.1 | 65.00 | OK | |||
r-oldrel-macos-x86_64 | 1.1 | 78.00 | OK | |||
r-oldrel-windows-x86_64 | 1.1 | 108.00 | 117.00 | 225.00 | OK |
Version: 1.1
Check: CRAN incoming feasibility
Result: NOTE
Maintainer: ‘Alexander McLain <mclaina@mailbox.sc.edu>’
The Description field contains
Zgodic, and Bondell (2022) <arXiv:2209.08139>.
Please refer to arXiv e-prints via their arXiv DOI <doi:10.48550/arXiv.YYMM.NNNNN>.
Flavors: r-devel-linux-x86_64-debian-clang, r-devel-linux-x86_64-debian-gcc