Last updated on 2025-04-30 04:50:15 CEST.
Flavor | Version | Tinstall | Tcheck | Ttotal | Status | Flags |
---|---|---|---|---|---|---|
r-devel-linux-x86_64-debian-clang | 1.3.3 | 143.11 | 226.29 | 369.40 | OK | |
r-devel-linux-x86_64-debian-gcc | 1.3.3 | 110.62 | 187.44 | 298.06 | OK | |
r-devel-linux-x86_64-fedora-clang | 1.3.3 | 605.92 | OK | |||
r-devel-linux-x86_64-fedora-gcc | 1.3.3 | 744.10 | OK | |||
r-devel-windows-x86_64 | 1.3.3 | 166.00 | 208.00 | 374.00 | OK | |
r-patched-linux-x86_64 | 1.3.3 | 151.79 | 302.37 | 454.16 | OK | |
r-release-linux-x86_64 | 1.3.3 | 154.05 | 281.94 | 435.99 | OK | |
r-release-macos-arm64 | 1.3.3 | 143.00 | OK | |||
r-release-macos-x86_64 | 1.3.3 | 232.00 | OK | |||
r-release-windows-x86_64 | 1.3.3 | 170.00 | 210.00 | 380.00 | OK | |
r-oldrel-macos-arm64 | 1.3.3 | 142.00 | NOTE | |||
r-oldrel-macos-x86_64 | 1.3.3 | 216.00 | NOTE | |||
r-oldrel-windows-x86_64 | 1.3.3 | 187.00 | 267.00 | 454.00 | OK |
Version: 1.3.3
Check: installed package size
Result: NOTE
installed size is 15.3Mb
sub-directories of 1Mb or more:
doc 1.4Mb
libs 13.2Mb
Flavors: r-oldrel-macos-arm64, r-oldrel-macos-x86_64