CRAN Package Check Results for Package proftools

Last updated on 2025-11-02 03:51:49 CET.

Flavor Version Tinstall Tcheck Ttotal Status Flags
r-devel-linux-x86_64-debian-clang 0.99-3 4.49 78.72 83.21 NOTE
r-devel-linux-x86_64-debian-gcc 0.99-3 3.56 54.09 57.65 NOTE
r-devel-linux-x86_64-fedora-clang 0.99-3 129.02 NOTE
r-devel-linux-x86_64-fedora-gcc 0.99-3 21.00 123.82 144.82 NOTE
r-devel-windows-x86_64 0.99-3 5.00 106.00 111.00 NOTE
r-patched-linux-x86_64 0.99-3 4.76 74.70 79.46 NOTE
r-release-linux-x86_64 0.99-3 4.35 76.83 81.18 NOTE
r-release-macos-arm64 0.99-3 2.00 43.00 45.00 NOTE
r-release-macos-x86_64 0.99-3 4.00 85.00 89.00 NOTE
r-release-windows-x86_64 0.99-3 6.00 103.00 109.00 NOTE
r-oldrel-macos-arm64 0.99-3 2.00 42.00 44.00 NOTE
r-oldrel-macos-x86_64 0.99-3 5.00 124.00 129.00 NOTE
r-oldrel-windows-x86_64 0.99-3 6.00 129.00 135.00 NOTE

Additional issues

noSuggests

Check Details

Version: 0.99-3
Check: CRAN incoming feasibility
Result: NOTE Maintainer: ‘Luke Tierney <luke-tierney@uiowa.edu>’ No Authors@R field in DESCRIPTION. Please add one, modifying Authors@R: c(person(given = "Luke", family = "Tierney", role = c("aut", "cre"), email = "luke-tierney@uiowa.edu"), person(given = "Riad", family = "Jarjour", role = "aut")) as necessary. Flavors: r-devel-linux-x86_64-debian-clang, r-devel-linux-x86_64-debian-gcc

Version: 0.99-3
Check: Rd files
Result: NOTE checkRd: (-1) proftools-package.Rd:40: Lost braces 40 | by the code{kcachegrind} program available on some operating | ^ Flavors: r-devel-linux-x86_64-debian-clang, r-devel-linux-x86_64-debian-gcc, r-devel-linux-x86_64-fedora-clang, r-devel-linux-x86_64-fedora-gcc, r-devel-windows-x86_64, r-patched-linux-x86_64, r-release-linux-x86_64, r-release-macos-arm64, r-release-macos-x86_64, r-release-windows-x86_64, r-oldrel-macos-arm64, r-oldrel-macos-x86_64, r-oldrel-windows-x86_64