Last updated on 2025-04-30 04:50:15 CEST.
Flavor | Version | Tinstall | Tcheck | Ttotal | Status | Flags |
---|---|---|---|---|---|---|
r-devel-linux-x86_64-debian-clang | 1.9.1.0 | 937.83 | 148.40 | 1086.23 | OK | |
r-devel-linux-x86_64-debian-gcc | 1.9.1.0 | 944.90 | 177.61 | 1122.51 | OK | |
r-devel-linux-x86_64-fedora-clang | 1.9.1.0 | 1719.95 | NOTE | |||
r-devel-linux-x86_64-fedora-gcc | 1.9.1.0 | 2522.44 | NOTE | |||
r-devel-windows-x86_64 | 1.9.1.0 | 1046.00 | 265.00 | 1311.00 | OK | |
r-patched-linux-x86_64 | 1.9.1.0 | 1186.18 | 246.15 | 1432.33 | OK | |
r-release-linux-x86_64 | 1.9.1.0 | 1157.02 | 247.46 | 1404.48 | OK | |
r-release-macos-arm64 | 1.9.1.0 | 436.00 | OK | |||
r-release-macos-x86_64 | 1.9.1.0 | 621.00 | OK | |||
r-release-windows-x86_64 | 1.9.1.0 | 1074.00 | 261.00 | 1335.00 | OK | |
r-oldrel-macos-arm64 | 1.9.1.0 | 238.00 | NOTE | |||
r-oldrel-macos-x86_64 | 1.9.1.0 | 195.00 | NOTE | |||
r-oldrel-windows-x86_64 | 1.9.1.0 | 1177.00 | 301.00 | 1478.00 | NOTE |
Version: 1.9.1.0
Check: dependencies in R code
Result: NOTE
Namespace in Imports field not imported from: ‘RcppParallel’
All declared Imports should be used.
Flavors: r-devel-linux-x86_64-fedora-clang, r-devel-linux-x86_64-fedora-gcc
Version: 1.9.1.0
Check: installed package size
Result: NOTE
installed size is 140.5Mb
sub-directories of 1Mb or more:
libs 140.2Mb
Flavors: r-oldrel-macos-arm64, r-oldrel-macos-x86_64, r-oldrel-windows-x86_64
Version: 1.9.1.0
Check: for GNU extensions in Makefiles
Result: NOTE
GNU make is a SystemRequirements.
Flavors: r-oldrel-macos-arm64, r-oldrel-macos-x86_64, r-oldrel-windows-x86_64