CRAN Package Check Results for Package promethee123

Last updated on 2025-02-22 05:51:47 CET.

Flavor Version Tinstall Tcheck Ttotal Status Flags
r-devel-linux-x86_64-debian-clang 0.1.0 4.48 39.07 43.55 OK
r-devel-linux-x86_64-debian-gcc 0.1.0 3.19 28.32 31.51 OK
r-devel-linux-x86_64-fedora-clang 0.1.0 68.21 OK
r-devel-linux-x86_64-fedora-gcc 0.1.0 64.34 OK
r-devel-macos-arm64 0.1.0 24.00 OK
r-devel-macos-x86_64 0.1.0 55.00 OK
r-devel-windows-x86_64 0.1.0 6.00 56.00 62.00 OK
r-patched-linux-x86_64 0.1.0 3.83 36.23 40.06 NOTE
r-release-linux-x86_64 0.1.0 4.23 36.51 40.74 NOTE
r-release-macos-arm64 0.1.0 23.00 NOTE
r-release-macos-x86_64 0.1.0 55.00 NOTE
r-release-windows-x86_64 0.1.0 7.00 55.00 62.00 NOTE
r-oldrel-macos-arm64 0.1.0 28.00 NOTE
r-oldrel-macos-x86_64 0.1.0 35.00 NOTE
r-oldrel-windows-x86_64 0.1.0 7.00 63.00 70.00 NOTE

Check Details

Version: 0.1.0
Check: LazyData
Result: NOTE 'LazyData' is specified without a 'data' directory Flavors: r-patched-linux-x86_64, r-release-linux-x86_64, r-release-macos-arm64, r-release-macos-x86_64, r-release-windows-x86_64, r-oldrel-macos-arm64, r-oldrel-macos-x86_64, r-oldrel-windows-x86_64