CRAN Package Check Results for Package promethee123

Last updated on 2025-04-30 04:50:15 CEST.

Flavor Version Tinstall Tcheck Ttotal Status Flags
r-devel-linux-x86_64-debian-clang 0.1.0 5.21 44.23 49.44 OK
r-devel-linux-x86_64-debian-gcc 0.1.0 3.37 31.88 35.25 OK
r-devel-linux-x86_64-fedora-clang 0.1.0 70.66 OK
r-devel-linux-x86_64-fedora-gcc 0.1.0 64.66 OK
r-devel-windows-x86_64 0.1.0 7.00 64.00 71.00 OK
r-patched-linux-x86_64 0.1.0 4.19 41.53 45.72 OK
r-release-linux-x86_64 0.1.0 4.64 41.32 45.96 OK
r-release-macos-arm64 0.1.0 25.00 OK
r-release-macos-x86_64 0.1.0 55.00 OK
r-release-windows-x86_64 0.1.0 7.00 61.00 68.00 OK
r-oldrel-macos-arm64 0.1.0 23.00 NOTE
r-oldrel-macos-x86_64 0.1.0 55.00 NOTE
r-oldrel-windows-x86_64 0.1.0 8.00 67.00 75.00 NOTE

Check Details

Version: 0.1.0
Check: LazyData
Result: NOTE 'LazyData' is specified without a 'data' directory Flavors: r-oldrel-macos-arm64, r-oldrel-macos-x86_64, r-oldrel-windows-x86_64