Last updated on 2025-04-30 04:50:15 CEST.
Flavor | Version | Tinstall | Tcheck | Ttotal | Status | Flags |
---|---|---|---|---|---|---|
r-devel-linux-x86_64-debian-clang | 1.0-6 | 18.20 | 81.44 | 99.64 | NOTE | |
r-devel-linux-x86_64-debian-gcc | 1.0-6 | 12.12 | 60.32 | 72.44 | NOTE | |
r-devel-linux-x86_64-fedora-clang | 1.0-6 | 158.36 | OK | |||
r-devel-linux-x86_64-fedora-gcc | 1.0-6 | 153.51 | OK | |||
r-devel-windows-x86_64 | 1.0-6 | 25.00 | 124.00 | 149.00 | NOTE | |
r-patched-linux-x86_64 | 1.0-6 | 15.99 | 76.88 | 92.87 | NOTE | |
r-release-linux-x86_64 | 1.0-6 | 17.07 | 75.85 | 92.92 | NOTE | |
r-release-macos-arm64 | 1.0-6 | 53.00 | OK | |||
r-release-macos-x86_64 | 1.0-6 | 85.00 | OK | |||
r-release-windows-x86_64 | 1.0-6 | 25.00 | 122.00 | 147.00 | NOTE | |
r-oldrel-macos-arm64 | 1.0-6 | 47.00 | OK | |||
r-oldrel-macos-x86_64 | 1.0-6 | 65.00 | OK | |||
r-oldrel-windows-x86_64 | 1.0-6 | 28.00 | 139.00 | 167.00 | OK |
Version: 1.0-6
Check: CRAN incoming feasibility
Result: NOTE
Maintainer: ‘Andrej-Nikolai Spiess <a.spiess@uke.uni-hamburg.de>’
No Authors@R field in DESCRIPTION.
Please add one, modifying
Authors@R: person(given = "Andrej-Nikolai",
family = "Spiess",
role = c("aut", "cre"),
email = "a.spiess@uke.uni-hamburg.de")
as necessary.
Found the following (possibly) invalid file URI:
URI: www.nada.kth.se/~kai-a/papers/arrasTR-9801-R3.pdf
From: man/propagate.Rd
Flavors: r-devel-linux-x86_64-debian-clang, r-devel-linux-x86_64-debian-gcc
Version: 1.0-6
Check: Rd cross-references
Result: NOTE
Found the following Rd file(s) with Rd \link{} targets missing package
anchors:
fitDistr.Rd: nls.lm
predictNLS.Rd: rtmvt
Please provide package anchors for all Rd \link{} targets not in the
package itself and the base packages.
Flavors: r-devel-linux-x86_64-debian-clang, r-devel-linux-x86_64-debian-gcc, r-devel-windows-x86_64, r-patched-linux-x86_64, r-release-linux-x86_64, r-release-windows-x86_64