CRAN Package Check Results for Package prophet

Last updated on 2025-04-30 04:50:15 CEST.

Flavor Version Tinstall Tcheck Ttotal Status Flags
r-devel-linux-x86_64-debian-clang 1.0 129.16 268.83 397.99 OK
r-devel-linux-x86_64-debian-gcc 1.0 120.65 182.59 303.24 OK
r-devel-linux-x86_64-fedora-clang 1.0 604.42 NOTE
r-devel-linux-x86_64-fedora-gcc 1.0 725.02 NOTE
r-devel-windows-x86_64 1.0 152.00 261.00 413.00 OK
r-patched-linux-x86_64 1.0 156.04 257.05 413.09 OK
r-release-linux-x86_64 1.0 150.55 263.94 414.49 OK
r-release-macos-arm64 1.0 159.00 OK
r-release-macos-x86_64 1.0 422.00 OK
r-release-windows-x86_64 1.0 147.00 260.00 407.00 OK
r-oldrel-macos-arm64 1.0 98.00 NOTE
r-oldrel-macos-x86_64 1.0 181.00 NOTE
r-oldrel-windows-x86_64 1.0 171.00 339.00 510.00 NOTE

Check Details

Version: 1.0
Check: dependencies in R code
Result: NOTE Namespaces in Imports field not imported from: ‘StanHeaders’ ‘methods’ ‘rstantools’ All declared Imports should be used. Flavors: r-devel-linux-x86_64-fedora-clang, r-devel-linux-x86_64-fedora-gcc

Version: 1.0
Check: installed package size
Result: NOTE installed size is 49.5Mb sub-directories of 1Mb or more: libs 48.8Mb Flavors: r-oldrel-macos-arm64, r-oldrel-macos-x86_64

Version: 1.0
Check: for GNU extensions in Makefiles
Result: NOTE GNU make is a SystemRequirements. Flavors: r-oldrel-macos-arm64, r-oldrel-macos-x86_64, r-oldrel-windows-x86_64