Last updated on 2025-04-30 04:50:15 CEST.
Flavor | Version | Tinstall | Tcheck | Ttotal | Status | Flags |
---|---|---|---|---|---|---|
r-devel-linux-x86_64-debian-clang | 0.2.8 | 29.16 | 101.29 | 130.45 | NOTE | |
r-devel-linux-x86_64-debian-gcc | 0.2.8 | 22.92 | 82.58 | 105.50 | OK | |
r-devel-linux-x86_64-fedora-clang | 0.2.8 | 236.54 | OK | |||
r-devel-linux-x86_64-fedora-gcc | 0.2.8 | 255.17 | OK | |||
r-devel-windows-x86_64 | 0.2.8 | 37.00 | 153.00 | 190.00 | OK | |
r-patched-linux-x86_64 | 0.2.8 | 31.54 | 112.66 | 144.20 | OK | |
r-release-linux-x86_64 | 0.2.8 | 28.06 | 111.06 | 139.12 | OK | |
r-release-macos-arm64 | 0.2.8 | 100.00 | OK | |||
r-release-macos-x86_64 | 0.2.8 | 185.00 | OK | |||
r-release-windows-x86_64 | 0.2.8 | 38.00 | 158.00 | 196.00 | OK | |
r-oldrel-macos-arm64 | 0.2.8 | 85.00 | NOTE | |||
r-oldrel-macos-x86_64 | 0.2.8 | 161.00 | NOTE | |||
r-oldrel-windows-x86_64 | 0.2.8 | 41.00 | 188.00 | 229.00 | OK |
Version: 0.2.8
Check: examples
Result: NOTE
Examples with CPU (user + system) or elapsed time > 5s
user system elapsed
kenStone 3.861 0.07 5.149
Flavor: r-devel-linux-x86_64-debian-clang
Version: 0.2.8
Check: installed package size
Result: NOTE
installed size is 7.0Mb
sub-directories of 1Mb or more:
data 2.9Mb
libs 2.8Mb
Flavors: r-oldrel-macos-arm64, r-oldrel-macos-x86_64