CRAN Package Check Results for Package proton

Last updated on 2025-04-30 04:50:15 CEST.

Flavor Version Tinstall Tcheck Ttotal Status Flags
r-devel-linux-x86_64-debian-clang 1.0 1.78 17.38 19.16 NOTE
r-devel-linux-x86_64-debian-gcc 1.0 1.45 14.58 16.03 NOTE
r-devel-linux-x86_64-fedora-clang 1.0 30.67 OK
r-devel-linux-x86_64-fedora-gcc 1.0 29.12 OK
r-devel-windows-x86_64 1.0 3.00 45.00 48.00 OK
r-patched-linux-x86_64 1.0 1.88 16.85 18.73 OK
r-release-linux-x86_64 1.0 1.92 16.99 18.91 OK
r-release-macos-arm64 1.0 16.00 OK
r-release-macos-x86_64 1.0 26.00 OK
r-release-windows-x86_64 1.0 3.00 48.00 51.00 OK
r-oldrel-macos-arm64 1.0 15.00 OK
r-oldrel-macos-x86_64 1.0 21.00 OK
r-oldrel-windows-x86_64 1.0 3.00 41.00 44.00 OK

Check Details

Version: 1.0
Check: CRAN incoming feasibility
Result: NOTE Maintainer: ‘Przemysław Biecek <przemyslaw.biecek@gmail.com>’ The Description field contains available at http://biecek.pl/BetaBit/Warsaw. It's a part of Beta and http://biecek.pl/BetaBit. Please enclose URLs in angle brackets (<...>). Flavors: r-devel-linux-x86_64-debian-clang, r-devel-linux-x86_64-debian-gcc