CRAN Package Check Results for Package proxy

Last updated on 2025-02-22 05:51:47 CET.

Flavor Version Tinstall Tcheck Ttotal Status Flags
r-devel-linux-x86_64-debian-clang 0.4-27 4.90 30.90 35.80 NOTE
r-devel-linux-x86_64-debian-gcc 0.4-27 3.77 23.20 26.97 NOTE
r-devel-linux-x86_64-fedora-clang 0.4-27 58.54 NOTE
r-devel-linux-x86_64-fedora-gcc 0.4-27 70.23 NOTE
r-devel-macos-arm64 0.4-27 26.00 NOTE
r-devel-macos-x86_64 0.4-27 53.00 NOTE
r-devel-windows-x86_64 0.4-27 10.00 69.00 79.00 NOTE
r-patched-linux-x86_64 0.4-27 4.45 29.43 33.88 OK
r-release-linux-x86_64 0.4-27 4.27 29.51 33.78 OK
r-release-macos-arm64 0.4-27 33.00 OK
r-release-macos-x86_64 0.4-27 45.00 OK
r-release-windows-x86_64 0.4-27 11.00 69.00 80.00 OK
r-oldrel-macos-arm64 0.4-27 32.00 OK
r-oldrel-macos-x86_64 0.4-27 45.00 OK
r-oldrel-windows-x86_64 0.4-27 10.00 67.00 77.00 OK

Check Details

Version: 0.4-27
Check: compiled code
Result: NOTE File ‘proxy/libs/proxy.so’: Found non-API call to R: ‘Rf_NonNullStringMatch’ Compiled code should not call non-API entry points in R. See ‘Writing portable packages’ in the ‘Writing R Extensions’ manual, and section ‘Moving into C API compliance’ for issues with the use of non-API entry points. Flavors: r-devel-linux-x86_64-debian-clang, r-devel-linux-x86_64-debian-gcc, r-devel-linux-x86_64-fedora-clang, r-devel-linux-x86_64-fedora-gcc, r-devel-macos-arm64, r-devel-macos-x86_64

Version: 0.4-27
Check: compiled code
Result: NOTE File 'proxy/libs/x64/proxy.dll': Found non-API call to R: 'Rf_NonNullStringMatch' Compiled code should not call non-API entry points in R. See 'Writing portable packages' in the 'Writing R Extensions' manual, and section 'Moving into C API compliance' for issues with the use of non-API entry points. Flavor: r-devel-windows-x86_64