Last updated on 2025-04-30 04:50:15 CEST.
Flavor | Version | Tinstall | Tcheck | Ttotal | Status | Flags |
---|---|---|---|---|---|---|
r-devel-linux-x86_64-debian-clang | 0.10.1 | 697.80 | 43.52 | 741.32 | OK | |
r-devel-linux-x86_64-debian-gcc | 0.10.1 | 532.17 | 33.17 | 565.34 | OK | |
r-devel-linux-x86_64-fedora-clang | 0.10.1 | 1216.46 | OK | |||
r-devel-linux-x86_64-fedora-gcc | 0.10.1 | 1212.06 | OK | |||
r-devel-windows-x86_64 | 0.10.1 | 437.00 | 170.00 | 607.00 | OK | |
r-patched-linux-x86_64 | 0.10.1 | 698.25 | 39.94 | 738.19 | OK | |
r-release-linux-x86_64 | 0.10.1 | 699.73 | 39.56 | 739.29 | OK | |
r-release-macos-arm64 | 0.10.1 | 254.00 | OK | |||
r-release-macos-x86_64 | 0.10.1 | 274.00 | OK | |||
r-release-windows-x86_64 | 0.10.1 | 435.00 | 171.00 | 606.00 | OK | |
r-oldrel-macos-arm64 | 0.10.1 | 226.00 | NOTE | |||
r-oldrel-macos-x86_64 | 0.10.1 | 227.00 | NOTE | |||
r-oldrel-windows-x86_64 | 0.10.1 | 415.00 | 271.00 | 686.00 | NOTE |
Version: 0.10.1
Check: installed package size
Result: NOTE
installed size is 29.6Mb
sub-directories of 1Mb or more:
libs 29.4Mb
Flavors: r-oldrel-macos-arm64, r-oldrel-macos-x86_64, r-oldrel-windows-x86_64