Last updated on 2025-04-30 04:50:15 CEST.
Flavor | Version | Tinstall | Tcheck | Ttotal | Status | Flags |
---|---|---|---|---|---|---|
r-devel-linux-x86_64-debian-clang | 0.0.6 | 4.14 | 38.77 | 42.91 | NOTE | |
r-devel-linux-x86_64-debian-gcc | 0.0.6 | 3.55 | 29.17 | 32.72 | NOTE | |
r-devel-linux-x86_64-fedora-clang | 0.0.6 | 65.49 | OK | |||
r-devel-linux-x86_64-fedora-gcc | 0.0.6 | 61.80 | OK | |||
r-devel-windows-x86_64 | 0.0.6 | 7.00 | 57.00 | 64.00 | OK | |
r-patched-linux-x86_64 | 0.0.6 | 4.75 | 34.92 | 39.67 | OK | |
r-release-linux-x86_64 | 0.0.6 | 4.81 | 34.69 | 39.50 | OK | |
r-release-macos-arm64 | 0.0.6 | 29.00 | OK | |||
r-release-macos-x86_64 | 0.0.6 | 43.00 | OK | |||
r-release-windows-x86_64 | 0.0.6 | 6.00 | 58.00 | 64.00 | OK | |
r-oldrel-macos-arm64 | 0.0.6 | 28.00 | OK | |||
r-oldrel-macos-x86_64 | 0.0.6 | 34.00 | OK | |||
r-oldrel-windows-x86_64 | 0.0.6 | 8.00 | 59.00 | 67.00 | OK |
Version: 0.0.6
Check: CRAN incoming feasibility
Result: NOTE
Maintainer: ‘Dirk Eddelbuettel <edd@debian.org>’
No Authors@R field in DESCRIPTION.
Please add one, modifying
Authors@R: person(given = "Dirk",
family = "Eddelbuettel",
role = c("aut", "cre"),
email = "edd@debian.org")
as necessary.
Flavors: r-devel-linux-x86_64-debian-clang, r-devel-linux-x86_64-debian-gcc