Last updated on 2025-04-30 04:50:15 CEST.
Flavor | Version | Tinstall | Tcheck | Ttotal | Status | Flags |
---|---|---|---|---|---|---|
r-devel-linux-x86_64-debian-clang | 1.1.0 | 1073.81 | 242.59 | 1316.40 | NOTE | |
r-devel-linux-x86_64-debian-gcc | 1.1.0 | 1054.06 | 252.48 | 1306.54 | OK | |
r-devel-linux-x86_64-fedora-clang | 1.1.0 | 2109.03 | NOTE | |||
r-devel-linux-x86_64-fedora-gcc | 1.1.0 | 3004.10 | NOTE | |||
r-devel-windows-x86_64 | 1.1.0 | 1240.00 | 351.00 | 1591.00 | OK | |
r-patched-linux-x86_64 | 1.1.0 | 1340.51 | 351.70 | 1692.21 | OK | |
r-release-linux-x86_64 | 1.1.0 | 1312.05 | 348.34 | 1660.39 | OK | |
r-release-macos-arm64 | 1.1.0 | 528.00 | OK | |||
r-release-macos-x86_64 | 1.1.0 | 716.00 | OK | |||
r-release-windows-x86_64 | 1.1.0 | 1258.00 | 332.00 | 1590.00 | OK | |
r-oldrel-macos-arm64 | 1.1.0 | 287.00 | NOTE | |||
r-oldrel-macos-x86_64 | 1.1.0 | 239.00 | NOTE | |||
r-oldrel-windows-x86_64 | 1.1.0 | 1379.00 | 426.00 | 1805.00 | NOTE |
Version: 1.1.0
Check: examples
Result: NOTE
Examples with CPU (user + system) or elapsed time > 5s
user system elapsed
psborrow.t2e 4.784 0.018 6.251
psborrow.cont 3.667 0.032 5.233
Flavor: r-devel-linux-x86_64-debian-clang
Version: 1.1.0
Check: dependencies in R code
Result: NOTE
Namespaces in Imports field not imported from:
‘RcppParallel’ ‘rstantools’
All declared Imports should be used.
Flavors: r-devel-linux-x86_64-fedora-clang, r-devel-linux-x86_64-fedora-gcc
Version: 1.1.0
Check: installed package size
Result: NOTE
installed size is 136.3Mb
sub-directories of 1Mb or more:
libs 135.8Mb
Flavors: r-oldrel-macos-arm64, r-oldrel-macos-x86_64, r-oldrel-windows-x86_64
Version: 1.1.0
Check: for GNU extensions in Makefiles
Result: NOTE
GNU make is a SystemRequirements.
Flavors: r-oldrel-macos-arm64, r-oldrel-macos-x86_64, r-oldrel-windows-x86_64