Last updated on 2025-02-21 03:52:22 CET.
Flavor | Version | Tinstall | Tcheck | Ttotal | Status | Flags |
---|---|---|---|---|---|---|
r-devel-linux-x86_64-debian-clang | 2.0.7 | 75.76 | 112.23 | 187.99 | OK | |
r-devel-linux-x86_64-debian-gcc | 2.0.7 | 49.73 | 82.02 | 131.75 | OK | |
r-devel-linux-x86_64-fedora-clang | 2.0.7 | 316.74 | OK | |||
r-devel-linux-x86_64-fedora-gcc | 2.0.7 | 343.72 | OK | |||
r-devel-macos-arm64 | 2.0.7 | 101.00 | OK | |||
r-devel-macos-x86_64 | 2.0.7 | 138.00 | OK | |||
r-devel-windows-x86_64 | 2.0.7 | 75.00 | 134.00 | 209.00 | OK | |
r-patched-linux-x86_64 | 2.0.7 | 69.94 | 101.18 | 171.12 | OK | |
r-release-linux-x86_64 | 2.0.7 | 70.02 | 101.91 | 171.93 | OK | |
r-release-macos-arm64 | 2.0.7 | 60.00 | NOTE | |||
r-release-macos-x86_64 | 2.0.7 | 141.00 | NOTE | |||
r-release-windows-x86_64 | 2.0.7 | 73.00 | 135.00 | 208.00 | OK | |
r-oldrel-macos-arm64 | 2.0.7 | 153.00 | NOTE | |||
r-oldrel-macos-x86_64 | 2.0.7 | 164.00 | NOTE | |||
r-oldrel-windows-x86_64 | 2.0.7 | 96.00 | 191.00 | 287.00 | OK |
Version: 2.0.7
Check: installed package size
Result: NOTE
installed size is 6.1Mb
sub-directories of 1Mb or more:
libs 5.5Mb
Flavors: r-release-macos-arm64, r-release-macos-x86_64, r-oldrel-macos-arm64, r-oldrel-macos-x86_64