Last updated on 2025-04-30 04:50:15 CEST.
Flavor | Version | Tinstall | Tcheck | Ttotal | Status | Flags |
---|---|---|---|---|---|---|
r-devel-linux-x86_64-debian-clang | 1.2.0 | 16.61 | 262.14 | 278.75 | NOTE | |
r-devel-linux-x86_64-debian-gcc | 1.2.0 | 11.61 | 167.49 | 179.10 | NOTE | |
r-devel-linux-x86_64-fedora-clang | 1.2.0 | 438.74 | OK | |||
r-devel-linux-x86_64-fedora-gcc | 1.2.0 | 425.27 | OK | |||
r-devel-windows-x86_64 | 1.2.0 | 17.00 | 233.00 | 250.00 | OK | |
r-patched-linux-x86_64 | 1.2.0 | 17.01 | 247.47 | 264.48 | OK | |
r-release-linux-x86_64 | 1.2.0 | 14.94 | 245.61 | 260.55 | OK | |
r-release-macos-arm64 | 1.2.0 | 67.00 | OK | |||
r-release-macos-x86_64 | 1.2.0 | 204.00 | OK | |||
r-release-windows-x86_64 | 1.2.0 | 18.00 | 238.00 | 256.00 | OK | |
r-oldrel-macos-arm64 | 1.2.0 | 74.00 | OK | |||
r-oldrel-macos-x86_64 | 1.2.0 | 168.00 | OK | |||
r-oldrel-windows-x86_64 | 1.2.0 | 22.00 | 332.00 | 354.00 | OK |
Version: 1.2.0
Check: examples
Result: NOTE
Examples with CPU (user + system) or elapsed time > 5s
user system elapsed
summary.psc 11.313 0.066 14.168
pscfit 11.159 0.032 15.175
plot.psc 10.763 0.175 13.074
plot.psc.binary 10.585 0.121 14.001
plot.psc.count 8.718 0.075 12.139
plot.psc.cont 8.378 0.010 11.816
Flavor: r-devel-linux-x86_64-debian-clang
Version: 1.2.0
Check: examples
Result: NOTE
Examples with CPU (user + system) or elapsed time > 5s
user system elapsed
summary.psc 7.233 0.044 13.662
plot.psc 6.749 0.308 8.487
plot.psc.binary 6.181 0.258 8.351
pscfit 6.089 0.133 7.896
plot.psc.cont 4.869 0.090 6.570
plot.psc.count 4.810 0.030 6.214
Flavor: r-devel-linux-x86_64-debian-gcc