Last updated on 2025-04-30 04:50:15 CEST.
Flavor | Version | Tinstall | Tcheck | Ttotal | Status | Flags |
---|---|---|---|---|---|---|
r-devel-linux-x86_64-debian-clang | 2.1.2 | 31.02 | 90.49 | 121.51 | OK | |
r-devel-linux-x86_64-debian-gcc | 2.1.2 | 23.02 | 68.17 | 91.19 | OK | |
r-devel-linux-x86_64-fedora-clang | 2.1.2 | 210.52 | OK | |||
r-devel-linux-x86_64-fedora-gcc | 2.1.2 | 231.06 | OK | |||
r-devel-windows-x86_64 | 2.1.2 | 37.00 | 193.00 | 230.00 | OK | |
r-patched-linux-x86_64 | 2.1.1 | 33.94 | 87.30 | 121.24 | NOTE | |
r-release-linux-x86_64 | 2.1.2 | 31.88 | 86.96 | 118.84 | OK | |
r-release-macos-arm64 | 2.1.2 | 110.00 | OK | |||
r-release-macos-x86_64 | 2.1.2 | 164.00 | OK | |||
r-release-windows-x86_64 | 2.1.2 | 36.00 | 191.00 | 227.00 | OK | |
r-oldrel-macos-arm64 | 2.1.2 | 105.00 | NOTE | |||
r-oldrel-macos-x86_64 | 2.1.2 | 167.00 | NOTE | |||
r-oldrel-windows-x86_64 | 2.1.2 | 29.00 | 174.00 | 203.00 | OK |
Version: 2.1.1
Check: Rd files
Result: NOTE
checkRd: (-1) riedsid.Rd:92-93: Lost braces in \itemize; meant \describe ?
checkRd: (-1) riedsid.Rd:94-96: Lost braces in \itemize; meant \describe ?
Flavor: r-patched-linux-x86_64
Version: 2.1.2
Check: installed package size
Result: NOTE
installed size is 5.2Mb
sub-directories of 1Mb or more:
doc 1.6Mb
libs 3.0Mb
Flavors: r-oldrel-macos-arm64, r-oldrel-macos-x86_64