Last updated on 2025-02-21 03:52:22 CET.
Flavor | Version | Tinstall | Tcheck | Ttotal | Status | Flags |
---|---|---|---|---|---|---|
r-devel-linux-x86_64-debian-clang | 1.0.1 | 2.72 | 56.25 | 58.97 | OK | |
r-devel-linux-x86_64-debian-gcc | 1.0.1 | 2.06 | 39.81 | 41.87 | OK | |
r-devel-linux-x86_64-fedora-clang | 1.0.1 | 94.53 | NOTE | |||
r-devel-linux-x86_64-fedora-gcc | 1.0.1 | 105.78 | NOTE | |||
r-devel-macos-arm64 | 1.0.1 | 40.00 | OK | |||
r-devel-macos-x86_64 | 1.0.1 | 133.00 | OK | |||
r-devel-windows-x86_64 | 1.0.1 | 5.00 | 73.00 | 78.00 | OK | |
r-patched-linux-x86_64 | 1.0.1 | 2.88 | 52.35 | 55.23 | OK | |
r-release-linux-x86_64 | 1.0.1 | 2.68 | 52.50 | 55.18 | OK | |
r-release-macos-arm64 | 1.0.1 | 37.00 | OK | |||
r-release-macos-x86_64 | 1.0.1 | 117.00 | OK | |||
r-release-windows-x86_64 | 1.0.1 | 5.00 | 75.00 | 80.00 | OK | |
r-oldrel-macos-arm64 | 1.0.1 | 40.00 | OK | |||
r-oldrel-macos-x86_64 | 1.0.1 | 63.00 | OK | |||
r-oldrel-windows-x86_64 | 1.0.1 | 6.00 | 90.00 | 96.00 | OK |
Version: 1.0.1
Check: dependencies in R code
Result: NOTE
Namespaces in Imports field not imported from:
‘devtools’ ‘qpdf’
All declared Imports should be used.
Flavors: r-devel-linux-x86_64-fedora-clang, r-devel-linux-x86_64-fedora-gcc