Last updated on 2025-04-30 04:50:15 CEST.
Flavor | Version | Tinstall | Tcheck | Ttotal | Status | Flags |
---|---|---|---|---|---|---|
r-devel-linux-x86_64-debian-clang | 1.0.1 | 2.73 | 59.79 | 62.52 | NOTE | |
r-devel-linux-x86_64-debian-gcc | 1.0.1 | 1.98 | 41.88 | 43.86 | OK | |
r-devel-linux-x86_64-fedora-clang | 1.0.1 | 93.85 | NOTE | |||
r-devel-linux-x86_64-fedora-gcc | 1.0.1 | 104.33 | NOTE | |||
r-devel-windows-x86_64 | 1.0.1 | 5.00 | 75.00 | 80.00 | OK | |
r-patched-linux-x86_64 | 1.0.1 | 2.67 | 55.23 | 57.90 | OK | |
r-release-linux-x86_64 | 1.0.1 | 2.52 | 55.09 | 57.61 | OK | |
r-release-macos-arm64 | 1.0.1 | 48.00 | OK | |||
r-release-macos-x86_64 | 1.0.1 | 133.00 | OK | |||
r-release-windows-x86_64 | 1.0.1 | 6.00 | 77.00 | 83.00 | OK | |
r-oldrel-macos-arm64 | 1.0.1 | 37.00 | OK | |||
r-oldrel-macos-x86_64 | 1.0.1 | 117.00 | OK | |||
r-oldrel-windows-x86_64 | 1.0.1 | 5.00 | 87.00 | 92.00 | OK |
Version: 1.0.1
Check: examples
Result: NOTE
Examples with CPU (user + system) or elapsed time > 5s
user system elapsed
AutomatedCompositePlotting 3.988 0.158 6.279
Flavor: r-devel-linux-x86_64-debian-clang
Version: 1.0.1
Check: dependencies in R code
Result: NOTE
Namespaces in Imports field not imported from:
‘devtools’ ‘qpdf’
All declared Imports should be used.
Flavors: r-devel-linux-x86_64-fedora-clang, r-devel-linux-x86_64-fedora-gcc