Last updated on 2025-07-05 04:50:23 CEST.
Flavor | Version | Tinstall | Tcheck | Ttotal | Status | Flags |
---|---|---|---|---|---|---|
r-devel-linux-x86_64-debian-clang | 1.0.0 | 54.12 | 58.26 | 112.38 | OK | |
r-devel-linux-x86_64-debian-gcc | 1.0.0 | 40.79 | 42.27 | 83.06 | OK | |
r-devel-linux-x86_64-fedora-clang | 1.0.0 | 209.59 | OK | |||
r-devel-linux-x86_64-fedora-gcc | 1.0.0 | 188.37 | OK | |||
r-devel-windows-x86_64 | 1.0.0 | 61.00 | 90.00 | 151.00 | OK | |
r-patched-linux-x86_64 | 1.0.0 | 53.70 | 54.77 | 108.47 | OK | |
r-release-linux-x86_64 | 1.0.0 | 51.56 | 53.76 | 105.32 | OK | |
r-release-macos-arm64 | 1.0.0 | 48.00 | OK | |||
r-release-macos-x86_64 | 1.0.0 | 76.00 | OK | |||
r-release-windows-x86_64 | 1.0.0 | 63.00 | 92.00 | 155.00 | OK | |
r-oldrel-macos-arm64 | 1.0.0 | 58.00 | OK | |||
r-oldrel-macos-x86_64 | 1.0.0 | 88.00 | NOTE | |||
r-oldrel-windows-x86_64 | 1.0.0 | 76.00 | 112.00 | 188.00 | OK |
Version: 1.0.0
Check: installed package size
Result: NOTE
installed size is 5.0Mb
sub-directories of 1Mb or more:
libs 4.8Mb
Flavor: r-oldrel-macos-x86_64