Last updated on 2025-04-30 04:50:15 CEST.
Flavor | Version | Tinstall | Tcheck | Ttotal | Status | Flags |
---|---|---|---|---|---|---|
r-devel-linux-x86_64-debian-clang | 0.1.1 | 4.78 | 48.44 | 53.22 | NOTE | |
r-devel-linux-x86_64-debian-gcc | 0.1.1 | 3.47 | 35.80 | 39.27 | NOTE | |
r-devel-linux-x86_64-fedora-clang | 0.1.1 | 80.68 | NOTE | |||
r-devel-linux-x86_64-fedora-gcc | 0.1.1 | 91.46 | NOTE | |||
r-devel-windows-x86_64 | 0.1.1 | 7.00 | 65.00 | 72.00 | NOTE | |
r-patched-linux-x86_64 | 0.1.1 | 4.96 | 44.11 | 49.07 | NOTE | |
r-release-linux-x86_64 | 0.1.1 | 4.62 | 44.41 | 49.03 | NOTE | |
r-release-macos-arm64 | 0.1.1 | 36.00 | NOTE | |||
r-release-macos-x86_64 | 0.1.1 | 83.00 | NOTE | |||
r-release-windows-x86_64 | 0.1.1 | 7.00 | 66.00 | 73.00 | NOTE | |
r-oldrel-macos-arm64 | 0.1.1 | 36.00 | OK | |||
r-oldrel-macos-x86_64 | 0.1.1 | 68.00 | OK | |||
r-oldrel-windows-x86_64 | 0.1.1 | 8.00 | 76.00 | 84.00 | OK |
Version: 0.1.1
Check: DESCRIPTION meta-information
Result: NOTE
Missing dependency on R >= 4.1.0 because package code uses the pipe
|> or function shorthand \(...) syntax added in R 4.1.0.
File(s) using such syntax:
‘pseudohouseholds.R’
Flavors: r-devel-linux-x86_64-debian-clang, r-devel-linux-x86_64-debian-gcc, r-devel-linux-x86_64-fedora-clang, r-devel-linux-x86_64-fedora-gcc, r-devel-windows-x86_64, r-patched-linux-x86_64, r-release-linux-x86_64, r-release-macos-arm64, r-release-macos-x86_64, r-release-windows-x86_64