CRAN Package Check Results for Package psmineR

Last updated on 2025-04-30 04:50:15 CEST.

Flavor Version Tinstall Tcheck Ttotal Status Flags
r-devel-linux-x86_64-debian-clang 0.1.0 8.26 78.86 87.12 NOTE
r-devel-linux-x86_64-debian-gcc 0.1.0 5.10 49.35 54.45 NOTE
r-devel-linux-x86_64-fedora-clang 0.1.0 121.58 OK
r-devel-linux-x86_64-fedora-gcc 0.1.0 107.39 OK
r-devel-windows-x86_64 0.1.0 10.00 81.00 91.00 NOTE
r-patched-linux-x86_64 0.1.0 8.05 66.32 74.37 NOTE
r-release-linux-x86_64 0.1.0 6.53 67.15 73.68 NOTE
r-release-macos-arm64 0.1.0 36.00 OK
r-release-macos-x86_64 0.1.0 99.00 OK
r-release-windows-x86_64 0.1.0 12.00 81.00 93.00 NOTE
r-oldrel-macos-arm64 0.1.0 34.00 OK
r-oldrel-macos-x86_64 0.1.0 105.00 OK
r-oldrel-windows-x86_64 0.1.0 12.00 95.00 107.00 OK

Check Details

Version: 0.1.0
Check: Rd cross-references
Result: NOTE Found the following Rd file(s) with Rd \link{} targets missing package anchors: plot.Rd: ggplot2 ps_aggregated.Rd: ggplot2 ps_detailed.Rd: ggplot2 Please provide package anchors for all Rd \link{} targets not in the package itself and the base packages. Flavors: r-devel-linux-x86_64-debian-clang, r-devel-linux-x86_64-debian-gcc, r-devel-windows-x86_64, r-patched-linux-x86_64, r-release-linux-x86_64, r-release-windows-x86_64