Last updated on 2025-04-30 04:50:15 CEST.
Flavor | Version | Tinstall | Tcheck | Ttotal | Status | Flags |
---|---|---|---|---|---|---|
r-devel-linux-x86_64-debian-clang | 0.3.2 | 55.28 | 143.55 | 198.83 | OK | |
r-devel-linux-x86_64-debian-gcc | 0.3.2 | 42.53 | 107.15 | 149.68 | OK | |
r-devel-linux-x86_64-fedora-clang | 0.3.2 | 337.17 | OK | |||
r-devel-linux-x86_64-fedora-gcc | 0.3.2 | 378.12 | OK | |||
r-devel-windows-x86_64 | 0.3.2 | 69.00 | 194.00 | 263.00 | OK | |
r-patched-linux-x86_64 | 0.3.2 | 59.15 | 144.95 | 204.10 | OK | |
r-release-linux-x86_64 | 0.3.2 | 61.87 | 146.25 | 208.12 | OK | |
r-release-macos-arm64 | 0.3.2 | 69.00 | OK | |||
r-release-macos-x86_64 | 0.3.2 | 115.00 | OK | |||
r-release-windows-x86_64 | 0.3.2 | 66.00 | 189.00 | 255.00 | OK | |
r-oldrel-macos-arm64 | 0.3.2 | 62.00 | NOTE | |||
r-oldrel-macos-x86_64 | 0.3.2 | 119.00 | NOTE | |||
r-oldrel-windows-x86_64 | 0.3.2 | 77.00 | 234.00 | 311.00 | OK |
Version: 0.3.2
Check: installed package size
Result: NOTE
installed size is 11.4Mb
sub-directories of 1Mb or more:
libs 10.7Mb
Flavors: r-oldrel-macos-arm64, r-oldrel-macos-x86_64