Last updated on 2025-04-30 04:50:15 CEST.
Flavor | Version | Tinstall | Tcheck | Ttotal | Status | Flags |
---|---|---|---|---|---|---|
r-devel-linux-x86_64-debian-clang | 2.5.3 | 60.44 | 317.75 | 378.19 | NOTE | |
r-devel-linux-x86_64-debian-gcc | 2.5.3 | 38.70 | 198.13 | 236.83 | OK | |
r-devel-linux-x86_64-fedora-clang | 2.5.3 | 672.89 | OK | |||
r-devel-linux-x86_64-fedora-gcc | 2.5.3 | 586.87 | OK | |||
r-devel-windows-x86_64 | 2.5.3 | 54.00 | 346.00 | 400.00 | OK | |
r-patched-linux-x86_64 | 2.5.3 | 58.03 | 298.96 | 356.99 | OK | |
r-release-linux-x86_64 | 2.5.3 | 48.48 | 295.62 | 344.10 | OK | |
r-release-macos-arm64 | 2.5.3 | 146.00 | OK | |||
r-release-macos-x86_64 | 2.5.3 | 300.00 | OK | |||
r-release-windows-x86_64 | 2.5.3 | 53.00 | 353.00 | 406.00 | OK | |
r-oldrel-macos-arm64 | 2.5.3 | 125.00 | OK | |||
r-oldrel-macos-x86_64 | 2.5.3 | 277.00 | OK | |||
r-oldrel-windows-x86_64 | 2.5.3 | 71.00 | 437.00 | 508.00 | OK |
Version: 2.5.3
Check: examples
Result: NOTE
Examples with CPU (user + system) or elapsed time > 5s
user system elapsed
reliability 4.423 0.002 5.73
Flavor: r-devel-linux-x86_64-debian-clang