CRAN Package Check Results for Package psychTools

Last updated on 2025-04-30 04:50:15 CEST.

Flavor Version Tinstall Tcheck Ttotal Status Flags
r-devel-linux-x86_64-debian-clang 2.5.3 5.25 194.59 199.84 OK
r-devel-linux-x86_64-debian-gcc 2.5.3 4.06 130.64 134.70 OK
r-devel-linux-x86_64-fedora-clang 2.5.3 333.86 OK
r-devel-linux-x86_64-fedora-gcc 2.5.3 327.62 OK
r-devel-windows-x86_64 2.5.3 7.00 436.00 443.00 OK
r-patched-linux-x86_64 2.5.3 7.43 184.32 191.75 OK
r-release-linux-x86_64 2.5.3 4.38 185.67 190.05 OK
r-release-macos-arm64 2.5.3 120.00 OK
r-release-macos-x86_64 2.5.3 198.00 OK
r-release-windows-x86_64 2.5.3 8.00 428.00 436.00 OK
r-oldrel-macos-arm64 2.5.3 137.00 OK
r-oldrel-macos-x86_64 2.5.3 296.00 NOTE
r-oldrel-windows-x86_64 2.5.3 9.00 422.00 431.00 OK

Check Details

Version: 2.5.3
Check: installed package size
Result: NOTE installed size is 5.7Mb sub-directories of 1Mb or more: data 2.1Mb doc 3.2Mb Flavor: r-oldrel-macos-x86_64