Last updated on 2025-02-21 03:52:22 CET.
Flavor | Version | Tinstall | Tcheck | Ttotal | Status | Flags |
---|---|---|---|---|---|---|
r-devel-linux-x86_64-debian-clang | 0.6.1 | 5.93 | 60.05 | 65.98 | NOTE | |
r-devel-linux-x86_64-debian-gcc | 0.6.1 | 3.86 | 41.41 | 45.27 | NOTE | |
r-devel-linux-x86_64-fedora-clang | 0.6.1 | 100.90 | NOTE | |||
r-devel-linux-x86_64-fedora-gcc | 0.6.1 | 118.69 | NOTE | |||
r-devel-macos-arm64 | 0.6.1 | 42.00 | NOTE | |||
r-devel-macos-x86_64 | 0.6.1 | 91.00 | NOTE | |||
r-devel-windows-x86_64 | 0.6.1 | 8.00 | 92.00 | 100.00 | NOTE | --no-vignettes |
r-patched-linux-x86_64 | 0.6.1 | 5.47 | 54.69 | 60.16 | NOTE | |
r-release-linux-x86_64 | 0.6.1 | 4.97 | 55.19 | 60.16 | NOTE | |
r-release-macos-arm64 | 0.6.1 | 41.00 | NOTE | |||
r-release-macos-x86_64 | 0.6.1 | 86.00 | NOTE | |||
r-release-windows-x86_64 | 0.6.1 | 8.00 | 75.00 | 83.00 | NOTE | --no-vignettes |
r-oldrel-macos-arm64 | 0.6.1 | 43.00 | OK | |||
r-oldrel-macos-x86_64 | 0.6.1 | 66.00 | OK | |||
r-oldrel-windows-x86_64 | 0.6.1 | 9.00 | 125.00 | 134.00 | OK | --no-vignettes |
Version: 0.6.1
Check: Rd files
Result: NOTE
checkRd: (-1) dprime.Rd:37: Lost braces in \itemize; \value handles \item{}{} directly
checkRd: (-1) dprime.Rd:38: Lost braces in \itemize; \value handles \item{}{} directly
checkRd: (-1) dprime.Rd:39: Lost braces in \itemize; \value handles \item{}{} directly
checkRd: (-1) dprime.Rd:40: Lost braces in \itemize; \value handles \item{}{} directly
checkRd: (-1) dprime.Rd:41: Lost braces in \itemize; \value handles \item{}{} directly
Flavors: r-devel-linux-x86_64-debian-clang, r-devel-linux-x86_64-debian-gcc, r-devel-linux-x86_64-fedora-clang, r-devel-linux-x86_64-fedora-gcc, r-devel-macos-arm64, r-devel-macos-x86_64, r-patched-linux-x86_64, r-release-linux-x86_64, r-release-macos-arm64, r-release-macos-x86_64
Version: 0.6.1
Flags: --no-vignettes
Check: Rd files
Result: NOTE
checkRd: (-1) dprime.Rd:37: Lost braces in \itemize; \value handles \item{}{} directly
checkRd: (-1) dprime.Rd:38: Lost braces in \itemize; \value handles \item{}{} directly
checkRd: (-1) dprime.Rd:39: Lost braces in \itemize; \value handles \item{}{} directly
checkRd: (-1) dprime.Rd:40: Lost braces in \itemize; \value handles \item{}{} directly
checkRd: (-1) dprime.Rd:41: Lost braces in \itemize; \value handles \item{}{} directly
Flavors: r-devel-windows-x86_64, r-release-windows-x86_64