Last updated on 2025-04-30 04:50:15 CEST.
Flavor | Version | Tinstall | Tcheck | Ttotal | Status | Flags |
---|---|---|---|---|---|---|
r-devel-linux-x86_64-debian-clang | 2.4 | 5.53 | 50.26 | 55.79 | NOTE | |
r-devel-linux-x86_64-debian-gcc | 2.4 | 4.32 | 36.19 | 40.51 | NOTE | |
r-devel-linux-x86_64-fedora-clang | 2.4 | 87.69 | OK | |||
r-devel-linux-x86_64-fedora-gcc | 2.4 | 84.07 | OK | |||
r-devel-windows-x86_64 | 2.4 | 7.00 | 85.00 | 92.00 | OK | |
r-patched-linux-x86_64 | 2.4 | 7.10 | 46.63 | 53.73 | OK | |
r-release-linux-x86_64 | 2.4 | 4.85 | 47.22 | 52.07 | OK | |
r-release-macos-arm64 | 2.4 | 30.00 | OK | |||
r-release-macos-x86_64 | 2.4 | 52.00 | OK | |||
r-release-windows-x86_64 | 2.4 | 8.00 | 84.00 | 92.00 | OK | |
r-oldrel-macos-arm64 | 2.4 | 30.00 | OK | |||
r-oldrel-macos-x86_64 | 2.4 | 56.00 | OK | |||
r-oldrel-windows-x86_64 | 2.4 | 9.00 | 92.00 | 101.00 | OK |
Version: 2.4
Check: CRAN incoming feasibility
Result: NOTE
Maintainer: ‘Thomas D. Fletcher <t.d.fletcher05@gmail.com>’
No Authors@R field in DESCRIPTION.
Please add one, modifying
Authors@R: person(given = c("Thomas", "D."),
family = "Fletcher",
role = c("aut", "cre"),
email = "t.d.fletcher05@gmail.com")
as necessary.
Flavors: r-devel-linux-x86_64-debian-clang, r-devel-linux-x86_64-debian-gcc