Last updated on 2025-04-30 04:50:15 CEST.
Flavor | Version | Tinstall | Tcheck | Ttotal | Status | Flags |
---|---|---|---|---|---|---|
r-devel-linux-x86_64-debian-clang | 0.7-4 | 14.13 | 129.34 | 143.47 | NOTE | |
r-devel-linux-x86_64-debian-gcc | 0.7-4 | 8.94 | 85.01 | 93.95 | NOTE | |
r-devel-linux-x86_64-fedora-clang | 0.7-4 | 232.56 | OK | |||
r-devel-linux-x86_64-fedora-gcc | 0.7-4 | 232.33 | OK | |||
r-devel-windows-x86_64 | 0.7-4 | 16.00 | 181.00 | 197.00 | OK | |
r-patched-linux-x86_64 | 0.7-4 | 15.57 | 125.55 | 141.12 | NOTE | |
r-release-linux-x86_64 | 0.7-4 | 12.10 | 123.77 | 135.87 | NOTE | |
r-release-macos-arm64 | 0.7-4 | 69.00 | OK | |||
r-release-macos-x86_64 | 0.7-4 | 159.00 | OK | |||
r-release-windows-x86_64 | 0.7-4 | 17.00 | 178.00 | 195.00 | OK | |
r-oldrel-macos-arm64 | 0.7-4 | 68.00 | OK | |||
r-oldrel-macos-x86_64 | 0.7-4 | 113.00 | OK | |||
r-oldrel-windows-x86_64 | 0.7-4 | 19.00 | 207.00 | 226.00 | OK |
Version: 0.7-4
Check: examples
Result: NOTE
Examples with CPU (user + system) or elapsed time > 5s
user system elapsed
nplmodel 6.461 0.162 8.469
gpcmodel 4.603 0.250 7.145
Flavor: r-devel-linux-x86_64-debian-clang
Version: 0.7-4
Check: for unstated dependencies in ‘demo’
Result: NOTE
'::' or ':::' imports not declared from:
‘colorspace’ ‘psychomix’
'library' or 'require' calls not declared from:
‘car’ ‘lmtest’ ‘psychomix’ ‘psychotree’ ‘strucchange’
Flavors: r-devel-linux-x86_64-debian-clang, r-devel-linux-x86_64-debian-gcc, r-patched-linux-x86_64, r-release-linux-x86_64
Version: 0.7-4
Check: examples
Result: NOTE
Examples with CPU (user + system) or elapsed time > 5s
user system elapsed
nplmodel 4.363 0.152 5.012
Flavor: r-devel-linux-x86_64-debian-gcc