Last updated on 2025-04-30 04:50:15 CEST.
Flavor | Version | Tinstall | Tcheck | Ttotal | Status | Flags |
---|---|---|---|---|---|---|
r-devel-linux-x86_64-debian-clang | 1.4 | 2.51 | 45.63 | 48.14 | NOTE | |
r-devel-linux-x86_64-debian-gcc | 1.4 | 1.88 | 30.58 | 32.46 | NOTE | |
r-devel-linux-x86_64-fedora-clang | 1.4 | 78.05 | OK | |||
r-devel-linux-x86_64-fedora-gcc | 1.4 | 70.58 | OK | |||
r-devel-windows-x86_64 | 1.4 | 4.00 | 68.00 | 72.00 | OK | |
r-patched-linux-x86_64 | 1.4 | 2.90 | 43.92 | 46.82 | OK | |
r-release-linux-x86_64 | 1.4 | 2.50 | 43.83 | 46.33 | OK | |
r-release-macos-arm64 | 1.4 | 30.00 | OK | |||
r-release-macos-x86_64 | 1.4 | 66.00 | OK | |||
r-release-windows-x86_64 | 1.4 | 4.00 | 62.00 | 66.00 | OK | |
r-oldrel-macos-arm64 | 1.4 | 28.00 | OK | |||
r-oldrel-macos-x86_64 | 1.4 | 39.00 | OK | |||
r-oldrel-windows-x86_64 | 1.4 | 3.00 | 75.00 | 78.00 | OK |
Version: 1.4
Check: examples
Result: NOTE
Examples with CPU (user + system) or elapsed time > 5s
user system elapsed
S_map_Sugihara1994 13.854 0.216 17.179
pttstability 7.509 0.016 8.933
Flavor: r-devel-linux-x86_64-debian-clang
Version: 1.4
Check: examples
Result: NOTE
Examples with CPU (user + system) or elapsed time > 5s
user system elapsed
S_map_Sugihara1994 7.585 0.133 8.4
Flavor: r-devel-linux-x86_64-debian-gcc