Last updated on 2025-04-30 04:50:15 CEST.
Flavor | Version | Tinstall | Tcheck | Ttotal | Status | Flags |
---|---|---|---|---|---|---|
r-devel-linux-x86_64-debian-clang | 0.1.0 | 3.11 | 88.78 | 91.89 | NOTE | |
r-devel-linux-x86_64-debian-gcc | 0.1.0 | 2.07 | 56.84 | 58.91 | NOTE | |
r-devel-linux-x86_64-fedora-clang | 0.1.0 | 148.82 | OK | |||
r-devel-linux-x86_64-fedora-gcc | 0.1.0 | 150.48 | OK | |||
r-devel-windows-x86_64 | 0.1.0 | 5.00 | 90.00 | 95.00 | OK | |
r-patched-linux-x86_64 | 0.1.0 | 3.25 | 84.16 | 87.41 | OK | |
r-release-linux-x86_64 | 0.1.0 | 2.90 | 84.79 | 87.69 | OK | |
r-release-macos-arm64 | 0.1.0 | 41.00 | OK | |||
r-release-macos-x86_64 | 0.1.0 | 127.00 | OK | |||
r-release-windows-x86_64 | 0.1.0 | 6.00 | 90.00 | 96.00 | OK | |
r-oldrel-macos-arm64 | 0.1.0 | 88.00 | OK | |||
r-oldrel-macos-x86_64 | 0.1.0 | 110.00 | OK | |||
r-oldrel-windows-x86_64 | 0.1.0 | 5.00 | 117.00 | 122.00 | OK |
Version: 0.1.0
Check: examples
Result: NOTE
Examples with CPU (user + system) or elapsed time > 5s
user system elapsed
faceted_time_series_plot2 10.703 0.130 12.988
faceted_time_series_plot 6.555 0.072 8.129
simulate_sensor_mode 6.558 0.044 8.957
time_series_plot 5.538 0.019 6.798
single_emission_rate_plot 5.514 0.013 7.117
Flavor: r-devel-linux-x86_64-debian-clang
Version: 0.1.0
Check: examples
Result: NOTE
Examples with CPU (user + system) or elapsed time > 5s
user system elapsed
faceted_time_series_plot2 6.261 0.142 8.401
faceted_time_series_plot 4.077 0.198 5.469
Flavor: r-devel-linux-x86_64-debian-gcc