CRAN Package Check Results for Package pushbar

Last updated on 2025-04-30 04:50:15 CEST.

Flavor Version Tinstall Tcheck Ttotal Status Flags
r-devel-linux-x86_64-debian-clang 0.1.0 3.22 31.30 34.52 OK
r-devel-linux-x86_64-debian-gcc 0.1.0 2.44 24.79 27.23 OK
r-devel-linux-x86_64-fedora-clang 0.1.0 53.22 OK
r-devel-linux-x86_64-fedora-gcc 0.1.0 49.66 OK
r-devel-windows-x86_64 0.1.0 5.00 57.00 62.00 OK
r-patched-linux-x86_64 0.1.0 2.76 29.17 31.93 OK
r-release-linux-x86_64 0.1.0 2.84 29.54 32.38 OK
r-release-macos-arm64 0.1.0 21.00 OK
r-release-macos-x86_64 0.1.0 38.00 OK
r-release-windows-x86_64 0.1.0 6.00 56.00 62.00 OK
r-oldrel-macos-arm64 0.1.0 22.00 NOTE
r-oldrel-macos-x86_64 0.1.0 32.00 NOTE
r-oldrel-windows-x86_64 0.1.0 6.00 63.00 69.00 NOTE

Check Details

Version: 0.1.0
Check: LazyData
Result: NOTE 'LazyData' is specified without a 'data' directory Flavors: r-oldrel-macos-arm64, r-oldrel-macos-x86_64, r-oldrel-windows-x86_64