Last updated on 2025-04-30 04:50:15 CEST.
Flavor | Version | Tinstall | Tcheck | Ttotal | Status | Flags |
---|---|---|---|---|---|---|
r-devel-linux-x86_64-debian-clang | 0.5.0 | 14.04 | 100.27 | 114.31 | NOTE | |
r-devel-linux-x86_64-debian-gcc | 0.5.0 | 9.45 | 63.29 | 72.74 | NOTE | |
r-devel-linux-x86_64-fedora-clang | 0.5.0 | 185.33 | OK | |||
r-devel-linux-x86_64-fedora-gcc | 0.5.0 | 179.16 | OK | |||
r-devel-windows-x86_64 | 0.5.0 | 15.00 | 116.00 | 131.00 | OK | |
r-patched-linux-x86_64 | 0.5.0 | 14.78 | 95.20 | 109.98 | OK | |
r-release-linux-x86_64 | 0.5.0 | 14.03 | 94.19 | 108.22 | OK | |
r-release-macos-arm64 | 0.5.0 | 47.00 | OK | |||
r-release-macos-x86_64 | 0.5.0 | 86.00 | OK | |||
r-release-windows-x86_64 | 0.5.0 | 17.00 | 123.00 | 140.00 | OK | |
r-oldrel-macos-arm64 | 0.5.0 | 46.00 | OK | |||
r-oldrel-macos-x86_64 | 0.5.0 | 72.00 | OK | |||
r-oldrel-windows-x86_64 | 0.5.0 | 21.00 | 142.00 | 163.00 | OK |
Version: 0.5.0
Check: CRAN incoming feasibility
Result: NOTE
Maintainer: ‘Chris Aberson <chris.aberson@gmail.com>’
No Authors@R field in DESCRIPTION.
Please add one, modifying
Authors@R: person(given = "Chris",
family = "Aberson",
role = c("aut", "cre"),
email = "chris.aberson@gmail.com")
as necessary.
Flavors: r-devel-linux-x86_64-debian-clang, r-devel-linux-x86_64-debian-gcc