Last updated on 2025-04-30 04:50:15 CEST.
Flavor | Version | Tinstall | Tcheck | Ttotal | Status | Flags |
---|---|---|---|---|---|---|
r-devel-linux-x86_64-debian-clang | 0.17.0 | 9.70 | 516.02 | 525.72 | NOTE | |
r-devel-linux-x86_64-debian-gcc | 0.17.0 | 6.07 | 354.49 | 360.56 | NOTE | |
r-devel-linux-x86_64-fedora-clang | 0.17.0 | 836.30 | OK | |||
r-devel-linux-x86_64-fedora-gcc | 0.17.0 | 809.78 | OK | |||
r-devel-windows-x86_64 | 0.17.0 | 12.00 | 320.00 | 332.00 | OK | |
r-patched-linux-x86_64 | 0.17.0 | 10.99 | 494.84 | 505.83 | OK | |
r-release-linux-x86_64 | 0.17.0 | 7.05 | 495.03 | 502.08 | OK | |
r-release-macos-arm64 | 0.17.0 | 129.00 | OK | |||
r-release-macos-x86_64 | 0.17.0 | 452.00 | OK | |||
r-release-windows-x86_64 | 0.17.0 | 14.00 | 313.00 | 327.00 | OK | |
r-oldrel-macos-arm64 | 0.17.0 | 167.00 | OK | |||
r-oldrel-macos-x86_64 | 0.17.0 | 441.00 | OK | |||
r-oldrel-windows-x86_64 | 0.17.0 | 14.00 | 439.00 | 453.00 | OK |
Version: 0.17.0
Check: examples
Result: NOTE
Examples with CPU (user + system) or elapsed time > 5s
user system elapsed
px_micro 5.587 0.008 7.259
px 3.026 0.070 6.391
Flavor: r-devel-linux-x86_64-debian-clang
Version: 0.17.0
Check: examples
Result: NOTE
Examples with CPU (user + system) or elapsed time > 5s
user system elapsed
px 1.994 0.058 5.5
Flavor: r-devel-linux-x86_64-debian-gcc