Last updated on 2025-04-30 04:50:15 CEST.
Flavor | Version | Tinstall | Tcheck | Ttotal | Status | Flags |
---|---|---|---|---|---|---|
r-devel-linux-x86_64-debian-clang | 1.2.7.9 | 12.49 | 121.93 | 134.42 | NOTE | |
r-devel-linux-x86_64-debian-gcc | 1.2.7.9 | 9.45 | 81.11 | 90.56 | OK | |
r-devel-linux-x86_64-fedora-clang | 1.2.7.9 | 205.80 | OK | |||
r-devel-linux-x86_64-fedora-gcc | 1.2.7.9 | 200.45 | OK | |||
r-devel-windows-x86_64 | 1.2.7.9 | 17.00 | 189.00 | 206.00 | OK | |
r-patched-linux-x86_64 | 1.2.7.9 | 13.14 | 108.51 | 121.65 | OK | |
r-release-linux-x86_64 | 1.2.7.9 | 12.15 | 108.74 | 120.89 | OK | |
r-release-macos-arm64 | 1.2.7.9 | 105.00 | OK | |||
r-release-macos-x86_64 | 1.2.7.9 | 268.00 | OK | |||
r-release-windows-x86_64 | 1.2.7.9 | 18.00 | 185.00 | 203.00 | OK | |
r-oldrel-macos-arm64 | 1.2.7.9 | 101.00 | OK | |||
r-oldrel-macos-x86_64 | 1.2.7.9 | 234.00 | OK | |||
r-oldrel-windows-x86_64 | 1.2.7.9 | 19.00 | 225.00 | 244.00 | OK |
Version: 1.2.7.9
Check: examples
Result: NOTE
Examples with CPU (user + system) or elapsed time > 5s
user system elapsed
calculateQI 5.215 0.030 6.517
writeQI 0.688 0.032 6.692
writeESTATICS 0.596 0.041 6.029
Flavor: r-devel-linux-x86_64-debian-clang