CRAN Package Check Results for Package qbr

Last updated on 2025-04-30 04:50:15 CEST.

Flavor Version Tinstall Tcheck Ttotal Status Flags
r-devel-linux-x86_64-debian-clang 1.3.0 2.23 23.98 26.21 NOTE
r-devel-linux-x86_64-debian-gcc 1.3.0 1.89 18.67 20.56 NOTE
r-devel-linux-x86_64-fedora-clang 1.3.0 38.87 NOTE
r-devel-linux-x86_64-fedora-gcc 1.3.0 37.29 NOTE
r-devel-windows-x86_64 1.3.0 4.00 57.00 61.00 NOTE
r-patched-linux-x86_64 1.3.0 2.88 22.01 24.89 NOTE
r-release-linux-x86_64 1.3.0 2.35 21.83 24.18 NOTE
r-release-macos-arm64 1.3.0 19.00 NOTE
r-release-macos-x86_64 1.3.0 27.00 NOTE
r-release-windows-x86_64 1.3.0 5.00 53.00 58.00 NOTE
r-oldrel-macos-arm64 1.3.0 21.00 OK
r-oldrel-macos-x86_64 1.3.0 32.00 OK
r-oldrel-windows-x86_64 1.3.0 5.00 54.00 59.00 OK

Check Details

Version: 1.3.0
Check: DESCRIPTION meta-information
Result: NOTE Missing dependency on R >= 4.1.0 because package code uses the pipe |> or function shorthand \(...) syntax added in R 4.1.0. File(s) using such syntax: ‘qb_records.R’ Flavors: r-devel-linux-x86_64-debian-clang, r-devel-linux-x86_64-debian-gcc, r-devel-linux-x86_64-fedora-clang, r-devel-linux-x86_64-fedora-gcc, r-devel-windows-x86_64, r-patched-linux-x86_64, r-release-linux-x86_64, r-release-macos-arm64, r-release-macos-x86_64, r-release-windows-x86_64