Last updated on 2025-04-30 04:50:15 CEST.
Flavor | Version | Tinstall | Tcheck | Ttotal | Status | Flags |
---|---|---|---|---|---|---|
r-devel-linux-x86_64-debian-clang | 1.5 | 4.94 | 45.40 | 50.34 | NOTE | |
r-devel-linux-x86_64-debian-gcc | 1.5 | 2.87 | 31.49 | 34.36 | NOTE | |
r-devel-linux-x86_64-fedora-clang | 1.5 | 69.17 | OK | |||
r-devel-linux-x86_64-fedora-gcc | 1.5 | 66.12 | OK | |||
r-devel-windows-x86_64 | 1.5 | 6.00 | 68.00 | 74.00 | OK | |
r-patched-linux-x86_64 | 1.5 | 4.77 | 42.40 | 47.17 | OK | |
r-release-linux-x86_64 | 1.5 | 4.02 | 42.21 | 46.23 | OK | |
r-release-macos-arm64 | 1.5 | 25.00 | OK | |||
r-release-macos-x86_64 | 1.5 | 44.00 | OK | |||
r-release-windows-x86_64 | 1.5 | 7.00 | 66.00 | 73.00 | OK | |
r-oldrel-macos-arm64 | 1.5 | 25.00 | OK | |||
r-oldrel-macos-x86_64 | 1.5 | 38.00 | OK | |||
r-oldrel-windows-x86_64 | 1.5 | 7.00 | 73.00 | 80.00 | OK |
Version: 1.5
Check: CRAN incoming feasibility
Result: NOTE
Maintainer: ‘Alireza Lorzadeh <alorzadeh@bcgsc.ca>’
No Authors@R field in DESCRIPTION.
Please add one, modifying
Authors@R: person(given = "Alireza",
family = "Lorzadeh",
role = c("aut", "cre"),
email = "alorzadeh@bcgsc.ca")
as necessary.
Flavors: r-devel-linux-x86_64-debian-clang, r-devel-linux-x86_64-debian-gcc