Last updated on 2025-11-04 03:51:03 CET.
| Flavor | Version | Tinstall | Tcheck | Ttotal | Status | Flags | 
|---|---|---|---|---|---|---|
| r-devel-linux-x86_64-debian-clang | 0.1.0 | 4.45 | 66.99 | 71.44 | NOTE | |
| r-devel-linux-x86_64-debian-gcc | 0.1.0 | 4.35 | 49.10 | 53.45 | NOTE | |
| r-devel-linux-x86_64-fedora-clang | 0.1.0 | 11.00 | 98.83 | 109.83 | NOTE | |
| r-devel-linux-x86_64-fedora-gcc | 0.1.0 | 12.00 | 105.14 | 117.14 | NOTE | |
| r-devel-windows-x86_64 | 0.1.0 | 9.00 | 74.00 | 83.00 | OK | |
| r-patched-linux-x86_64 | 0.1.0 | 5.77 | 61.80 | 67.57 | OK | |
| r-release-linux-x86_64 | 0.1.0 | 5.45 | 62.94 | 68.39 | OK | |
| r-release-macos-arm64 | 0.1.0 | 3.00 | 34.00 | 37.00 | OK | |
| r-release-macos-x86_64 | 0.1.0 | 7.00 | 156.00 | 163.00 | OK | |
| r-release-windows-x86_64 | 0.1.0 | 9.00 | 74.00 | 83.00 | OK | |
| r-oldrel-macos-arm64 | 0.1.0 | 3.00 | 32.00 | 35.00 | OK | |
| r-oldrel-macos-x86_64 | 0.1.0 | 4.00 | 48.00 | 52.00 | OK | |
| r-oldrel-windows-x86_64 | 0.1.0 | 12.00 | 96.00 | 108.00 | OK | 
Version: 0.1.0
Check: CRAN incoming feasibility
Result: NOTE
  Maintainer: ‘Ingo Rohlfing <i.rohlfing@uni-koeln.de>’
  
  The BugReports field in DESCRIPTION has
    https://github.com/ingorohlfing/qcapower
  which should likely be
    https://github.com/ingorohlfing/qcapower/issues
  instead.
Flavors: r-devel-linux-x86_64-debian-clang, r-devel-linux-x86_64-debian-gcc
Version: 0.1.0
Check: dependencies in R code
Result: NOTE
  Namespace in Imports field not imported from: ‘devtools’
    All declared Imports should be used.
Flavors: r-devel-linux-x86_64-fedora-clang, r-devel-linux-x86_64-fedora-gcc