Last updated on 2025-04-30 04:50:15 CEST.
Flavor | Version | Tinstall | Tcheck | Ttotal | Status | Flags |
---|---|---|---|---|---|---|
r-devel-linux-x86_64-debian-clang | 2.7 | 5.64 | 75.46 | 81.10 | NOTE | |
r-devel-linux-x86_64-debian-gcc | 2.7 | 4.81 | 58.43 | 63.24 | NOTE | |
r-devel-linux-x86_64-fedora-clang | 2.7 | 116.10 | OK | |||
r-devel-linux-x86_64-fedora-gcc | 2.7 | 126.88 | OK | |||
r-devel-windows-x86_64 | 2.7 | 7.00 | 84.00 | 91.00 | OK | |
r-patched-linux-x86_64 | 2.7 | 6.85 | 73.78 | 80.63 | OK | |
r-release-linux-x86_64 | 2.7 | 4.72 | 73.61 | 78.33 | OK | |
r-release-macos-arm64 | 2.7 | 35.00 | OK | |||
r-release-macos-x86_64 | 2.7 | 65.00 | OK | |||
r-release-windows-x86_64 | 2.7 | 6.00 | 86.00 | 92.00 | OK | |
r-oldrel-macos-arm64 | 2.7 | 33.00 | OK | |||
r-oldrel-macos-x86_64 | 2.7 | 50.00 | OK | |||
r-oldrel-windows-x86_64 | 2.7 | 12.00 | 94.00 | 106.00 | OK |
Version: 2.7
Check: CRAN incoming feasibility
Result: NOTE
Maintainer: ‘Luca Scrucca <luca.scrucca@unipg.it>’
Package CITATION file contains call(s) to old-style personList() or
as.personList(). Please use c() on person objects instead.
Package CITATION file contains call(s) to old-style citEntry(). Please
use bibentry() instead.
Flavors: r-devel-linux-x86_64-debian-clang, r-devel-linux-x86_64-debian-gcc