Last updated on 2025-04-30 04:50:15 CEST.
Flavor | Version | Tinstall | Tcheck | Ttotal | Status | Flags |
---|---|---|---|---|---|---|
r-devel-linux-x86_64-debian-clang | 2.0.0 | 31.88 | 94.92 | 126.80 | NOTE | |
r-devel-linux-x86_64-debian-gcc | 2.0.0 | 21.08 | 67.35 | 88.43 | OK | |
r-devel-linux-x86_64-fedora-clang | 2.0.0 | 221.83 | OK | |||
r-devel-linux-x86_64-fedora-gcc | 2.0.0 | 184.80 | OK | |||
r-devel-windows-x86_64 | 2.0.0 | 35.00 | 133.00 | 168.00 | OK | |
r-patched-linux-x86_64 | 2.0.0 | 26.04 | 89.99 | 116.03 | OK | |
r-release-linux-x86_64 | 2.0.0 | 27.75 | 89.10 | 116.85 | OK | |
r-release-macos-arm64 | 2.0.0 | 53.00 | OK | |||
r-release-macos-x86_64 | 2.0.0 | 110.00 | OK | |||
r-release-windows-x86_64 | 2.0.0 | 35.00 | 130.00 | 165.00 | OK | |
r-oldrel-macos-arm64 | 2.0.0 | 55.00 | OK | |||
r-oldrel-macos-x86_64 | 2.0.0 | 84.00 | OK | |||
r-oldrel-windows-x86_64 | 2.0.0 | 40.00 | 162.00 | 202.00 | OK |
Version: 2.0.0
Check: examples
Result: NOTE
Examples with CPU (user + system) or elapsed time > 5s
user system elapsed
qch.fit 5.184 0.115 6.259
qch.test 4.762 0.016 5.445
Flavor: r-devel-linux-x86_64-debian-clang