Last updated on 2025-04-30 04:50:15 CEST.
Flavor | Version | Tinstall | Tcheck | Ttotal | Status | Flags |
---|---|---|---|---|---|---|
r-devel-linux-x86_64-debian-clang | 1.2.1 | 4.44 | 47.00 | 51.44 | OK | |
r-devel-linux-x86_64-debian-gcc | 1.2.1 | 2.83 | 33.47 | 36.30 | OK | |
r-devel-linux-x86_64-fedora-clang | 1.2.1 | 82.43 | OK | |||
r-devel-linux-x86_64-fedora-gcc | 1.2.1 | 91.52 | OK | |||
r-devel-windows-x86_64 | 1.2.1 | 5.00 | 80.00 | 85.00 | OK | |
r-patched-linux-x86_64 | 1.2.1 | 5.46 | 44.79 | 50.25 | OK | |
r-release-linux-x86_64 | 1.2.1 | 4.28 | 44.56 | 48.84 | OK | |
r-release-macos-arm64 | 1.2.1 | 47.00 | OK | |||
r-release-macos-x86_64 | 1.2.1 | 86.00 | OK | |||
r-release-windows-x86_64 | 1.2.1 | 5.00 | 81.00 | 86.00 | OK | |
r-oldrel-macos-arm64 | 1.2.1 | 36.00 | NOTE | |||
r-oldrel-macos-x86_64 | 1.2.1 | 76.00 | NOTE | |||
r-oldrel-windows-x86_64 | 1.2.1 | 7.00 | 85.00 | 92.00 | NOTE |
Version: 1.2.1
Check: LazyData
Result: NOTE
'LazyData' is specified without a 'data' directory
Flavors: r-oldrel-macos-arm64, r-oldrel-macos-x86_64, r-oldrel-windows-x86_64