CRAN Package Check Results for Package qfasar

Last updated on 2025-02-21 03:52:23 CET.

Flavor Version Tinstall Tcheck Ttotal Status Flags
r-devel-linux-x86_64-debian-clang 1.2.1 4.96 46.52 51.48 OK
r-devel-linux-x86_64-debian-gcc 1.2.1 2.95 32.53 35.48 OK
r-devel-linux-x86_64-fedora-clang 1.2.1 83.46 OK
r-devel-linux-x86_64-fedora-gcc 1.2.1 92.99 OK
r-devel-macos-arm64 1.2.1 35.00 OK
r-devel-macos-x86_64 1.2.1 76.00 OK
r-devel-windows-x86_64 1.2.1 5.00 74.00 79.00 OK
r-patched-linux-x86_64 1.2.1 5.02 43.13 48.15 NOTE
r-release-linux-x86_64 1.2.1 4.40 42.97 47.37 NOTE
r-release-macos-arm64 1.2.1 36.00 NOTE
r-release-macos-x86_64 1.2.1 76.00 NOTE
r-release-windows-x86_64 1.2.1 6.00 74.00 80.00 NOTE
r-oldrel-macos-arm64 1.2.1 38.00 NOTE
r-oldrel-macos-x86_64 1.2.1 52.00 NOTE
r-oldrel-windows-x86_64 1.2.1 7.00 78.00 85.00 NOTE

Check Details

Version: 1.2.1
Check: LazyData
Result: NOTE 'LazyData' is specified without a 'data' directory Flavors: r-patched-linux-x86_64, r-release-linux-x86_64, r-release-macos-arm64, r-release-macos-x86_64, r-release-windows-x86_64, r-oldrel-macos-arm64, r-oldrel-macos-x86_64, r-oldrel-windows-x86_64