Last updated on 2025-04-30 04:50:15 CEST.
Flavor | Version | Tinstall | Tcheck | Ttotal | Status | Flags |
---|---|---|---|---|---|---|
r-devel-linux-x86_64-debian-clang | 1.1.1 | 309.79 | 181.51 | 491.30 | OK | |
r-devel-linux-x86_64-debian-gcc | 1.1.1 | 265.63 | 134.53 | 400.16 | OK | |
r-devel-linux-x86_64-fedora-clang | 1.1.1 | 787.95 | OK | |||
r-devel-linux-x86_64-fedora-gcc | 1.1.1 | 953.87 | OK | |||
r-devel-windows-x86_64 | 1.1.1 | 327.00 | 220.00 | 547.00 | OK | |
r-patched-linux-x86_64 | 1.1.1 | 346.21 | 187.46 | 533.67 | OK | |
r-release-linux-x86_64 | 1.1.1 | 358.34 | 184.94 | 543.28 | OK | |
r-release-macos-arm64 | 1.1.1 | 223.00 | OK | |||
r-release-macos-x86_64 | 1.1.1 | 305.00 | OK | |||
r-release-windows-x86_64 | 1.1.1 | 327.00 | 219.00 | 546.00 | OK | |
r-oldrel-macos-arm64 | 1.1.1 | 209.00 | NOTE | |||
r-oldrel-macos-x86_64 | 1.1.1 | 240.00 | NOTE | |||
r-oldrel-windows-x86_64 | 1.1.1 | 359.00 | 254.00 | 613.00 | OK |
Version: 1.1.1
Check: installed package size
Result: NOTE
installed size is 145.3Mb
sub-directories of 1Mb or more:
libs 144.1Mb
Flavors: r-oldrel-macos-arm64, r-oldrel-macos-x86_64