Last updated on 2025-04-30 04:50:15 CEST.
Flavor | Version | Tinstall | Tcheck | Ttotal | Status | Flags |
---|---|---|---|---|---|---|
r-devel-linux-x86_64-debian-clang | 2.18.4 | 17.95 | 336.91 | 354.86 | NOTE | |
r-devel-linux-x86_64-debian-gcc | 2.18.4 | 11.60 | 231.44 | 243.04 | NOTE | |
r-devel-linux-x86_64-fedora-clang | 2.18.4 | 558.68 | OK | |||
r-devel-linux-x86_64-fedora-gcc | 2.18.4 | 571.39 | OK | |||
r-devel-windows-x86_64 | 2.18.4 | 21.00 | 358.00 | 379.00 | OK | |
r-patched-linux-x86_64 | 2.18.4 | 21.12 | 330.21 | 351.33 | OK | |
r-release-linux-x86_64 | 2.18.4 | 18.34 | 332.91 | 351.25 | OK | |
r-release-macos-arm64 | 2.18.4 | 188.00 | OK | |||
r-release-macos-x86_64 | 2.18.4 | 198.00 | OK | |||
r-release-windows-x86_64 | 2.18.4 | 20.00 | 354.00 | 374.00 | OK | |
r-oldrel-macos-arm64 | 2.18.4 | 135.00 | OK | |||
r-oldrel-macos-x86_64 | 2.18.4 | 209.00 | OK | |||
r-oldrel-windows-x86_64 | 2.18.4 | 26.00 | 490.00 | 516.00 | OK |
Version: 2.18.4
Check: examples
Result: NOTE
Examples with CPU (user + system) or elapsed time > 5s
user system elapsed
qgcomp.multinomial.boot 8.315 0.119 12.221
Flavor: r-devel-linux-x86_64-debian-clang
Version: 2.18.4
Check: examples
Result: NOTE
Examples with CPU (user + system) or elapsed time > 5s
user system elapsed
qgcomp.multinomial.boot 4.293 0.153 6.185
Flavor: r-devel-linux-x86_64-debian-gcc