CRAN Package Check Results for Package qgcompint

Last updated on 2025-04-30 04:50:15 CEST.

Flavor Version Tinstall Tcheck Ttotal Status Flags
r-devel-linux-x86_64-debian-clang 1.0.0 16.78 182.25 199.03 NOTE
r-devel-linux-x86_64-debian-gcc 1.0.0 10.55 125.28 135.83 NOTE
r-devel-linux-x86_64-fedora-clang 1.0.0 310.96 OK
r-devel-linux-x86_64-fedora-gcc 1.0.0 304.48 OK
r-devel-windows-x86_64 1.0.0 17.00 166.00 183.00 OK
r-patched-linux-x86_64 1.0.0 15.21 172.30 187.51 OK
r-release-linux-x86_64 1.0.0 15.26 172.93 188.19 OK
r-release-macos-arm64 1.0.0 91.00 OK
r-release-macos-x86_64 1.0.0 116.00 OK
r-release-windows-x86_64 1.0.0 18.00 170.00 188.00 OK
r-oldrel-macos-arm64 1.0.0 78.00 OK
r-oldrel-macos-x86_64 1.0.0 122.00 OK
r-oldrel-windows-x86_64 1.0.0 21.00 226.00 247.00 OK

Check Details

Version: 1.0.0
Check: examples
Result: NOTE Examples with CPU (user + system) or elapsed time > 5s user system elapsed qgcomp.emm.glm.ee 8.011 0.16 9.185 Flavor: r-devel-linux-x86_64-debian-clang

Version: 1.0.0
Check: examples
Result: NOTE Examples with CPU (user + system) or elapsed time > 5s user system elapsed qgcomp.emm.glm.ee 5.146 0.727 8.812 Flavor: r-devel-linux-x86_64-debian-gcc