CRAN Package Check Results for Package qgg

Last updated on 2025-04-30 04:50:15 CEST.

Flavor Version Tinstall Tcheck Ttotal Status Flags
r-devel-linux-x86_64-debian-clang 1.1.6 83.87 110.97 194.84 OK
r-devel-linux-x86_64-debian-gcc 1.1.6 59.78 73.51 133.29 OK
r-devel-linux-x86_64-fedora-clang 1.1.6 332.26 OK
r-devel-linux-x86_64-fedora-gcc 1.1.6 323.68 OK
r-devel-windows-x86_64 1.1.6 93.00 144.00 237.00 OK
r-patched-linux-x86_64 1.1.6 85.56 103.87 189.43 OK
r-release-linux-x86_64 1.1.6 85.52 102.82 188.34 OK
r-release-macos-arm64 1.1.6 80.00 OK
r-release-macos-x86_64 1.1.6 149.00 OK
r-release-windows-x86_64 1.1.6 97.00 144.00 241.00 OK
r-oldrel-macos-arm64 1.1.6 74.00 NOTE
r-oldrel-macos-x86_64 1.1.6 134.00 NOTE
r-oldrel-windows-x86_64 1.1.6 107.00 178.00 285.00 OK

Check Details

Version: 1.1.6
Check: installed package size
Result: NOTE installed size is 5.8Mb sub-directories of 1Mb or more: libs 4.8Mb Flavors: r-oldrel-macos-arm64, r-oldrel-macos-x86_64