Last updated on 2025-04-30 04:50:15 CEST.
Flavor | Version | Tinstall | Tcheck | Ttotal | Status | Flags |
---|---|---|---|---|---|---|
r-devel-linux-x86_64-debian-clang | 0.7.5 | 6.17 | 109.86 | 116.03 | NOTE | |
r-devel-linux-x86_64-debian-gcc | 0.7.5 | 4.74 | 76.51 | 81.25 | OK | |
r-devel-linux-x86_64-fedora-clang | 0.7.5 | 167.31 | OK | |||
r-devel-linux-x86_64-fedora-gcc | 0.7.5 | 173.76 | OK | |||
r-devel-windows-x86_64 | 0.7.5 | 8.00 | 110.00 | 118.00 | OK | |
r-patched-linux-x86_64 | 0.7.5 | 5.34 | 103.37 | 108.71 | OK | |
r-release-linux-x86_64 | 0.7.5 | 6.28 | 102.87 | 109.15 | OK | |
r-release-macos-arm64 | 0.7.5 | 59.00 | OK | |||
r-release-macos-x86_64 | 0.7.5 | 118.00 | OK | |||
r-release-windows-x86_64 | 0.7.5 | 8.00 | 105.00 | 113.00 | OK | |
r-oldrel-macos-arm64 | 0.7.5 | 56.00 | OK | |||
r-oldrel-macos-x86_64 | 0.7.5 | 82.00 | OK | |||
r-oldrel-windows-x86_64 | 0.7.5 | 11.00 | 126.00 | 137.00 | OK |
Version: 0.7.5
Check: examples
Result: NOTE
Examples with CPU (user + system) or elapsed time > 5s
user system elapsed
qic 4.422 0.032 6.222
Flavor: r-devel-linux-x86_64-debian-clang