Last updated on 2025-04-30 04:50:15 CEST.
Flavor | Version | Tinstall | Tcheck | Ttotal | Status | Flags |
---|---|---|---|---|---|---|
r-devel-linux-x86_64-debian-clang | 0.0.15 | 129.38 | 26.06 | 155.44 | OK | |
r-devel-linux-x86_64-debian-gcc | 0.0.15 | 90.40 | 20.74 | 111.14 | OK | |
r-devel-linux-x86_64-fedora-clang | 0.0.15 | 374.68 | OK | |||
r-devel-linux-x86_64-fedora-gcc | 0.0.15 | 307.42 | OK | |||
r-devel-windows-x86_64 | 0.0.15 | 185.00 | 76.00 | 261.00 | OK | |
r-patched-linux-x86_64 | 0.0.15 | 127.10 | 23.59 | 150.69 | OK | |
r-release-linux-x86_64 | 0.0.15 | 126.44 | 23.65 | 150.09 | OK | |
r-release-macos-arm64 | 0.0.15 | 60.00 | OK | |||
r-release-macos-x86_64 | 0.0.15 | 62.00 | OK | |||
r-release-windows-x86_64 | 0.0.15 | 186.00 | 81.00 | 267.00 | OK | |
r-oldrel-macos-arm64 | 0.0.15 | 70.00 | NOTE | |||
r-oldrel-macos-x86_64 | 0.0.15 | 70.00 | NOTE | |||
r-oldrel-windows-x86_64 | 0.0.15 | 197.00 | 88.00 | 285.00 | OK |
Version: 0.0.15
Check: installed package size
Result: NOTE
installed size is 7.7Mb
sub-directories of 1Mb or more:
libs 7.6Mb
Flavors: r-oldrel-macos-arm64, r-oldrel-macos-x86_64