Last updated on 2025-11-04 03:51:03 CET.
| Flavor | Version | Tinstall | Tcheck | Ttotal | Status | Flags | 
|---|---|---|---|---|---|---|
| r-devel-linux-x86_64-debian-clang | 2.3 | 9.87 | 87.00 | 96.87 | NOTE | |
| r-devel-linux-x86_64-debian-gcc | 2.3 | 10.38 | 73.62 | 84.00 | NOTE | |
| r-devel-linux-x86_64-fedora-clang | 2.3 | 23.00 | 129.76 | 152.76 | OK | |
| r-devel-linux-x86_64-fedora-gcc | 2.3 | 24.00 | 121.27 | 145.27 | OK | |
| r-devel-windows-x86_64 | 2.3 | 10.00 | 88.00 | 98.00 | OK | |
| r-patched-linux-x86_64 | 2.3 | 11.37 | 86.55 | 97.92 | OK | |
| r-release-linux-x86_64 | 2.3 | 12.00 | 86.62 | 98.62 | OK | |
| r-release-macos-arm64 | 2.3 | 15.00 | 94.00 | 109.00 | OK | |
| r-release-macos-x86_64 | 2.3 | 15.00 | 131.00 | 146.00 | OK | |
| r-release-windows-x86_64 | 2.3 | 11.00 | 88.00 | 99.00 | OK | |
| r-oldrel-macos-arm64 | 2.3 | 11.00 | 73.00 | 84.00 | OK | |
| r-oldrel-macos-x86_64 | 2.3 | 12.00 | 87.00 | 99.00 | OK | |
| r-oldrel-windows-x86_64 | 2.3 | 13.00 | 106.00 | 119.00 | OK | 
Version: 2.3
Check: CRAN incoming feasibility
Result: NOTE
  Maintainer: ‘Christian E. Galarza <cgalarza88@gmail.com>’
  
  No Authors@R field in DESCRIPTION.
  Please add one, modifying
    Authors@R: c(person(given = c("Christian", "E."),
                        family = "Galarza",
                        role = c("aut", "cre"),
                        email = "cgalarza88@gmail.com"),
                 person(given = c("Victor", "H."),
                        family = "Lachos",
                        role = "aut",
                        email = "hlachos@ime.unicamp.br"))
  as necessary.
Flavors: r-devel-linux-x86_64-debian-clang, r-devel-linux-x86_64-debian-gcc