Last updated on 2025-02-21 03:52:23 CET.
Flavor | Version | Tinstall | Tcheck | Ttotal | Status | Flags |
---|---|---|---|---|---|---|
r-devel-linux-x86_64-debian-clang | 0.1.0 | 38.44 | 230.90 | 269.34 | OK | |
r-devel-linux-x86_64-debian-gcc | 0.1.0 | 24.39 | 138.95 | 163.34 | OK | |
r-devel-linux-x86_64-fedora-clang | 0.1.0 | 452.07 | NOTE | |||
r-devel-linux-x86_64-fedora-gcc | 0.1.0 | 417.46 | NOTE | |||
r-devel-macos-arm64 | 0.1.0 | 90.00 | OK | |||
r-devel-macos-x86_64 | 0.1.0 | 201.00 | OK | |||
r-devel-windows-x86_64 | 0.1.0 | 40.00 | 194.00 | 234.00 | OK | |
r-patched-linux-x86_64 | 0.1.0 | 35.09 | 213.52 | 248.61 | NOTE | |
r-release-linux-x86_64 | 0.1.0 | 30.69 | 216.29 | 246.98 | NOTE | |
r-release-macos-arm64 | 0.1.0 | 86.00 | NOTE | |||
r-release-macos-x86_64 | 0.1.0 | 141.00 | NOTE | |||
r-release-windows-x86_64 | 0.1.0 | 40.00 | 189.00 | 229.00 | NOTE | |
r-oldrel-macos-arm64 | 0.1.0 | 95.00 | NOTE | |||
r-oldrel-macos-x86_64 | 0.1.0 | 182.00 | NOTE | |||
r-oldrel-windows-x86_64 | 0.1.0 | 50.00 | 267.00 | 317.00 | NOTE |
Version: 0.1.0
Check: compiled code
Result: NOTE
File ‘qrencoder/libs/qrencoder.so’:
Found no calls to: ‘R_registerRoutines’, ‘R_useDynamicSymbols’
It is good practice to register native routines and to disable symbol
search.
See ‘Writing portable packages’ in the ‘Writing R Extensions’ manual.
Flavors: r-devel-linux-x86_64-fedora-clang, r-devel-linux-x86_64-fedora-gcc
Version: 0.1.0
Check: LazyData
Result: NOTE
'LazyData' is specified without a 'data' directory
Flavors: r-patched-linux-x86_64, r-release-linux-x86_64, r-release-macos-arm64, r-release-macos-x86_64, r-release-windows-x86_64, r-oldrel-macos-arm64, r-oldrel-macos-x86_64, r-oldrel-windows-x86_64